NOAA-Style Climate Reports
Select a Year or Month report
2024: Jan Feb Mar Apr May Jun Jul Aug Sep Oct Nov Dec
2023: Jan Feb Mar Apr May Jun Jul Aug Sep Oct Nov Dec
2022: Jan Feb Mar Apr May Jun Jul Aug Sep Oct Nov Dec
2021: Jan Feb Mar Apr May Jun Jul Aug Sep Oct Nov Dec
2020: Jan Feb Mar Apr May Jun Jul Aug Sep Oct Nov Dec
2019: Jan Feb Mar Apr May Jun Jul Aug Sep Oct Nov Dec
2018: Jan Feb Mar Apr May Jun Jul Aug Sep Oct Nov Dec
2017: Jan Feb Mar Apr May Jun Jul Aug Sep Oct Nov Dec
2016: Jan Feb Mar Apr May Jun Jul Aug Sep Oct Nov Dec
2015: Jan Feb Mar Apr May Jun Jul Aug Sep Oct Nov Dec
2014: Jan Feb Mar Apr May Jun Jul Aug Sep Oct Nov Dec
2013: Jan Feb Mar Apr May Jun Jul Aug Sep Oct Nov Dec
2012: Jan Feb Mar Apr May Jun Jul Aug Sep Oct Nov Dec
2011: Jan Feb Mar Apr May Jun Jul Aug Sep Oct Nov Dec
2010: Jan Feb Mar Apr May Jun Jul Aug Sep Oct Nov Dec
2009: Jan Feb Mar Apr May Jun Jul Aug Sep Oct Nov Dec
2008: Jan Feb Mar Apr May Jun Jul Aug Sep Oct Nov Dec
2007: Jan Feb Mar Apr May Jun Jul Aug Sep Oct Nov Dec
2006: Jan Feb Mar Apr May Jun Jul Aug Sep Oct Nov Dec
2024: Jan Feb Mar Apr May Jun Jul Aug Sep Oct Nov Dec
2023: Jan Feb Mar Apr May Jun Jul Aug Sep Oct Nov Dec
2022: Jan Feb Mar Apr May Jun Jul Aug Sep Oct Nov Dec
2021: Jan Feb Mar Apr May Jun Jul Aug Sep Oct Nov Dec
2020: Jan Feb Mar Apr May Jun Jul Aug Sep Oct Nov Dec
2019: Jan Feb Mar Apr May Jun Jul Aug Sep Oct Nov Dec
2018: Jan Feb Mar Apr May Jun Jul Aug Sep Oct Nov Dec
2017: Jan Feb Mar Apr May Jun Jul Aug Sep Oct Nov Dec
2016: Jan Feb Mar Apr May Jun Jul Aug Sep Oct Nov Dec
2015: Jan Feb Mar Apr May Jun Jul Aug Sep Oct Nov Dec
2014: Jan Feb Mar Apr May Jun Jul Aug Sep Oct Nov Dec
2013: Jan Feb Mar Apr May Jun Jul Aug Sep Oct Nov Dec
2012: Jan Feb Mar Apr May Jun Jul Aug Sep Oct Nov Dec
2011: Jan Feb Mar Apr May Jun Jul Aug Sep Oct Nov Dec
2010: Jan Feb Mar Apr May Jun Jul Aug Sep Oct Nov Dec
2009: Jan Feb Mar Apr May Jun Jul Aug Sep Oct Nov Dec
2008: Jan Feb Mar Apr May Jun Jul Aug Sep Oct Nov Dec
2007: Jan Feb Mar Apr May Jun Jul Aug Sep Oct Nov Dec
2006: Jan Feb Mar Apr May Jun Jul Aug Sep Oct Nov Dec
Report for 2023 October
Monthly Climatological Summary for Oct 2023 Name: Ponywagon Weather City: Atascadero State: California Elevation: 1000 ft Lat: N 35° 26' 02" Lon: W 120° 37' 55" Temperature (°F), Rain (in), Wind Speed (mph) Heat Cool Avg Mean Deg Deg Wind Dom Day Temp High Time Low Time Days Days Rain Speed High Time Dir ---------------------------------------------------------------------------------- 1 58.8 70.0 15:07 50.5 23:58 6.9 0.8 0.00 2.3 18.0 17:19 W 2 58.8 77.2 14:57 42.9 06:44 8.9 2.7 0.00 2.1 15.0 15:52 NW 3 62.8 83.9 15:32 43.9 07:15 7.4 5.3 0.00 2.1 15.0 16:53 WNW 4 66.1 90.6 15:27 46.0 06:29 6.1 7.2 0.00 2.3 18.0 15:45 WNW 5 69.7 95.8 14:27 48.2 06:52 4.8 9.5 0.00 1.5 16.0 16:59 WNW 6 72.0 97.2 15:15 49.8 07:10 4.0 11.0 0.00 1.5 16.0 13:42 ENE 7 71.6 95.8 14:42 50.3 07:24 3.7 10.2 0.00 2.0 18.0 13:23 S 8 68.5 93.3 13:45 49.5 07:13 4.9 8.4 0.00 1.4 16.0 15:09 W 9 58.1 74.9 12:55 44.2 06:08 8.4 1.6 0.00 2.1 20.0 10:21 WNW 10 61.0 75.9 13:44 50.6 23:58 6.3 2.3 0.00 2.4 18.0 15:42 WNW 11 60.5 75.2 16:27 47.6 01:45 6.4 1.9 0.00 3.2 24.0 10:11 NNW 12 60.7 80.0 14:45 45.0 07:18 7.9 3.6 0.00 2.0 14.0 12:06 NNE 13 59.7 81.8 12:42 42.4 07:01 9.3 4.1 0.00 2.0 19.0 12:42 S 14 58.9 83.2 14:41 41.1 07:15 9.7 3.6 0.00 1.6 13.0 16:16 NW 15 62.2 88.4 14:43 45.5 04:43 7.9 5.2 0.00 1.4 14.0 15:24 WNW 16 65.0 87.9 14:53 45.1 07:06 6.5 6.5 0.00 2.3 16.0 16:02 NW 17 68.3 84.4 14:35 52.1 06:31 3.5 6.8 0.00 2.9 16.0 11:30 ENE 18 70.3 96.0 16:31 49.9 07:42 3.2 8.6 0.00 1.4 9.0 12:25 NW 19 68.5 96.5 14:54 47.7 07:37 5.2 8.7 0.00 1.4 14.0 14:33 S 20 66.0 91.2 13:48 46.1 07:25 5.7 6.7 0.00 1.6 14.0 17:12 NW 21 58.5 71.7 11:57 47.8 07:42 7.6 1.1 0.00 2.3 20.0 13:55 W 22 57.0 72.3 13:02 44.9 02:33 8.9 0.9 0.00 2.9 20.0 14:06 W 23 62.8 75.7 16:21 54.2 23:59 4.4 2.1 0.00 1.7 12.0 13:22 NNW 24 59.8 80.0 16:18 47.2 04:36 8.1 2.9 0.00 1.9 14.0 14:11 WNW 25 52.8 66.0 15:48 42.5 05:09 12.2 0.0 0.00 3.0 21.0 10:56 S 26 56.6 74.2 16:12 44.3 03:56 9.9 1.5 0.00 1.9 12.0 11:18 NNW 27 54.1 71.7 15:55 36.8 07:07 12.1 1.2 0.00 2.3 13.0 15:19 NW 28 53.5 71.1 15:48 38.5 07:45 12.2 0.7 0.00 2.1 23.0 15:46 N 29 52.2 77.3 15:14 31.9 06:40 15.2 2.4 0.00 1.6 10.0 12:59 NNW 30 51.2 81.2 15:39 27.8 07:36 16.5 2.7 0.00 1.4 11.0 14:37 NNW 31 52.1 82.7 15:55 29.5 06:52 15.9 3.0 0.00 1.1 9.0 14:01 NW ---------------------------------------------------------------------------------- 61.2 97.2 6 27.8 30 249.7 133.2 0.00 2.0 24.0 11 NW Max >= 80.0: 18 Max <= 32.0: 0 Min <= 32.0: 3 Min <= 0.0: 0 Max Rain: 0.00 on day 0 Days of Rain: 0 (>= 0.01 in) 0 (>= 0.10 in) 0 (>= 1.00 in) Heat Base: 65.0 Cool Base: 65.0 Method: Integration