NOAA-Style Climate Reports

Select a Year or Month report
2021: Jan Feb Mar Apr May Jun Jul Aug Sep Oct Nov Dec
2020: Jan Feb Mar Apr May Jun Jul Aug Sep Oct Nov Dec
2019: Jan Feb Mar Apr May Jun Jul Aug Sep Oct Nov Dec
2018: Jan Feb Mar Apr May Jun Jul Aug Sep Oct Nov Dec
2017: Jan Feb Mar Apr May Jun Jul Aug Sep Oct Nov Dec
2016: Jan Feb Mar Apr May Jun Jul Aug Sep Oct Nov Dec
2015: Jan Feb Mar Apr May Jun Jul Aug Sep Oct Nov Dec
2014: Jan Feb Mar Apr May Jun Jul Aug Sep Oct Nov Dec
2013: Jan Feb Mar Apr May Jun Jul Aug Sep Oct Nov Dec
2012: Jan Feb Mar Apr May Jun Jul Aug Sep Oct Nov Dec
2011: Jan Feb Mar Apr May Jun Jul Aug Sep Oct Nov Dec
2010: Jan Feb Mar Apr May Jun Jul Aug Sep Oct Nov Dec
2009: Jan Feb Mar Apr May Jun Jul Aug Sep Oct Nov Dec
2008: Jan Feb Mar Apr May Jun Jul Aug Sep Oct Nov Dec
2007: Jan Feb Mar Apr May Jun Jul Aug Sep Oct Nov Dec
2006: Jan Feb Mar Apr May Jun Jul Aug Sep Oct Nov Dec

Report for 2021 January
                   Monthly Climatological Summary for Jan 2021

Name: Ponywagon Weather   City: Atascadero   State: California
Elevation: 999 ft  Lat: N 35° 26' 00"   Lon: W 120° 37' 53"

                  Temperature (°F), Rain (in), Wind Speed (mph)

                                      Heat  Cool        Avg
    Mean                              Deg   Deg         Wind                 Dom
Day Temp  High   Time   Low    Time   Days  Days  Rain  Speed High   Time    Dir
----------------------------------------------------------------------------------
 1  42.9  61.8   13:41  29.4   07:26  22.1   0.0  0.00   0.8   9.0   14:30   NNW
 2  47.3  63.7   14:56  32.7   07:12  17.7   0.0  0.00   1.1  12.0   16:50   WNW
 3  52.8  64.0   15:03  47.4   23:57  12.2   0.0  0.00   0.2  14.0   15:49    NE
 4  50.4  60.9   12:22  39.6   07:05  14.6   0.0  0.00   1.6  13.0   11:39   WSW
 5  51.0  62.7   14:46  44.3   06:52  14.0   0.0  0.00   2.7  14.0   10:25   NNW
 6  46.2  62.6   15:37  33.3   07:39  18.8   0.0  0.01   1.1  10.0   15:32    NW
 7  45.0  62.8   15:34  31.6   05:46  20.0   0.0  0.00   1.8  12.0   13:18   NNW
 8  46.6  67.6   14:44  31.4   03:36  18.6   0.2  0.01   1.4  13.0   16:14   NNW
 9  48.8  59.1   15:21  38.4   23:15  16.2   0.0  0.00   2.1  18.0   09:19   ENE
10  46.2  65.2   15:40  31.8   07:20  18.8   0.0  0.00   1.4  14.0   13:20   NNW
11  46.0  66.6   14:55  31.2   07:40  19.1   0.1  0.00   1.3  11.0   14:19    NW
12  44.6  65.2   16:10  30.5   07:26  20.4   0.0  0.00   0.5   6.0   10:42   NNW
13  49.5  70.8   13:54  34.4   06:21  15.9   0.5  0.00   1.7  15.0   14:55     N
----------------------------------------------------------------------------------
    47.5  70.8    13    29.4     1   228.4   0.8  0.02   1.4  18.0     9     NNW

Max >=  80.0:  0
Max <=  32.0:  0
Min <=  32.0:  6
Min <=   0.0:  0
Max Rain: 0.01 on day 6
Days of Rain: 2 (>= 0.01 in)  0 (>= 0.10 in)  0 (>= 1.00 in)
Heat Base: 65.0  Cool Base: 65.0  Method: Integration