NOAA-Style Climate Reports

Select a Year or Month report
2021: Jan Feb Mar Apr May Jun Jul Aug Sep Oct Nov Dec
2020: Jan Feb Mar Apr May Jun Jul Aug Sep Oct Nov Dec
2019: Jan Feb Mar Apr May Jun Jul Aug Sep Oct Nov Dec
2018: Jan Feb Mar Apr May Jun Jul Aug Sep Oct Nov Dec
2017: Jan Feb Mar Apr May Jun Jul Aug Sep Oct Nov Dec
2016: Jan Feb Mar Apr May Jun Jul Aug Sep Oct Nov Dec
2015: Jan Feb Mar Apr May Jun Jul Aug Sep Oct Nov Dec
2014: Jan Feb Mar Apr May Jun Jul Aug Sep Oct Nov Dec
2013: Jan Feb Mar Apr May Jun Jul Aug Sep Oct Nov Dec
2012: Jan Feb Mar Apr May Jun Jul Aug Sep Oct Nov Dec
2011: Jan Feb Mar Apr May Jun Jul Aug Sep Oct Nov Dec
2010: Jan Feb Mar Apr May Jun Jul Aug Sep Oct Nov Dec
2009: Jan Feb Mar Apr May Jun Jul Aug Sep Oct Nov Dec
2008: Jan Feb Mar Apr May Jun Jul Aug Sep Oct Nov Dec
2007: Jan Feb Mar Apr May Jun Jul Aug Sep Oct Nov Dec
2006: Jan Feb Mar Apr May Jun Jul Aug Sep Oct Nov Dec

Report for 2021 April
                   Monthly Climatological Summary for Apr 2021

Name: Ponywagon Weather   City: Atascadero   State: CA
Elevation: 998 ft  Lat: N 36° 26' 02"   Lon: W 120° 37' 55"

                  Temperature (°F), Rain (in), Wind Speed (mph)

                                      Heat  Cool        Avg
    Mean                              Deg   Deg         Wind                 Dom
Day Temp  High   Time   Low    Time   Days  Days  Rain  Speed High   Time    Dir
----------------------------------------------------------------------------------
 1  59.3  86.1   14:45  35.8   07:17  10.9   5.2  0.00   2.3  21.0   15:31     W
 2  56.8  80.5   15:05  35.2   07:09  12.0   3.8  0.00   2.0  15.0   13:19   WSW
 3  48.1  64.8   14:26  34.9   04:31  16.9   0.0  0.00   2.9  16.0   15:52   WNW
 4  54.6  78.7   15:28  38.2   02:58  12.5   2.1  0.00   2.3  17.0   19:18    NW
 5  53.0  71.6   14:59  39.6   04:22  12.8   0.8  0.00  ----  14.0   17:38   WNW
 6  54.4  77.6   16:17  38.6   02:56  12.5   1.9  0.00  ----  18.0   18:28   WNW
 7  54.9  75.6   14:12  39.0   06:44  11.9   1.8  0.00  ----  18.0   14:43   WNW
 8  56.1  77.3   17:01  36.1   06:24  11.4   2.5  0.00  ----  17.0   15:07   NNW
 9  57.1  78.8   16:49  36.8   07:09  10.9   3.0  0.00  ----  15.0   15:56    NW
10  56.2  77.4   16:59  38.2   05:47  11.4   2.6  0.00  ----  15.0   14:07   NNW
12  54.9  77.4   14:09  37.8   06:17  12.1   2.1  0.00   0.5  18.0   16:43   WNW
----------------------------------------------------------------------------------
    55.0  86.1     1    34.9     3   135.3  25.8  0.00   2.3  21.0     1       W

Max >=  80.0:  2
Max <=  32.0:  0
Min <=  32.0:  0
Min <=   0.0:  0
Max Rain: 0.00 on day 0
Days of Rain: 0 (>= 0.01 in)  0 (>= 0.10 in)  0 (>= 1.00 in)
Heat Base: 65.0  Cool Base: 65.0  Method: Integration