NOAA-Style Climate Reports

Select a Year or Month report
2024: Jan Feb Mar Apr May Jun Jul Aug Sep Oct Nov Dec
2023: Jan Feb Mar Apr May Jun Jul Aug Sep Oct Nov Dec
2022: Jan Feb Mar Apr May Jun Jul Aug Sep Oct Nov Dec
2021: Jan Feb Mar Apr May Jun Jul Aug Sep Oct Nov Dec
2020: Jan Feb Mar Apr May Jun Jul Aug Sep Oct Nov Dec
2019: Jan Feb Mar Apr May Jun Jul Aug Sep Oct Nov Dec
2018: Jan Feb Mar Apr May Jun Jul Aug Sep Oct Nov Dec
2017: Jan Feb Mar Apr May Jun Jul Aug Sep Oct Nov Dec
2016: Jan Feb Mar Apr May Jun Jul Aug Sep Oct Nov Dec
2015: Jan Feb Mar Apr May Jun Jul Aug Sep Oct Nov Dec
2014: Jan Feb Mar Apr May Jun Jul Aug Sep Oct Nov Dec
2013: Jan Feb Mar Apr May Jun Jul Aug Sep Oct Nov Dec
2012: Jan Feb Mar Apr May Jun Jul Aug Sep Oct Nov Dec
2011: Jan Feb Mar Apr May Jun Jul Aug Sep Oct Nov Dec
2010: Jan Feb Mar Apr May Jun Jul Aug Sep Oct Nov Dec
2009: Jan Feb Mar Apr May Jun Jul Aug Sep Oct Nov Dec
2008: Jan Feb Mar Apr May Jun Jul Aug Sep Oct Nov Dec
2007: Jan Feb Mar Apr May Jun Jul Aug Sep Oct Nov Dec
2006: Jan Feb Mar Apr May Jun Jul Aug Sep Oct Nov Dec

Report for 2024 May
                   Monthly Climatological Summary for May 2024

Name: Ponywagon Weather   City: Atascadero   State: California
Elevation: 1000 ft  Lat: N 35° 26' 02"   Lon: W 120° 37' 55"

                  Temperature (°F), Rain (in), Wind Speed (mph)

                                      Heat  Cool        Avg
    Mean                              Deg   Deg         Wind                 Dom
Day Temp  High   Time   Low    Time   Days  Days  Rain  Speed High   Time    Dir
----------------------------------------------------------------------------------
 1  60.7  81.1   17:38  40.9   06:18   8.4   4.1  0.00   3.1  16.0   13:20   NNW
 2  60.9  81.2   15:24  39.1   06:27   8.4   4.3  0.00   3.1  17.0   17:17    NW
 3  60.0  78.3   14:08  44.2   06:09   8.1   3.1  0.00   2.6  16.0   17:31   WNW
 4  50.6  57.5   11:47  42.0   05:49  14.3   0.0  0.24   1.5  18.0   17:32    SW
 5  50.2  62.7   14:38  39.4   04:04  14.8   0.0  0.01   3.5  20.0   17:09    NW
 6  54.8  73.9   16:45  36.9   05:21  11.9   1.7  0.00   2.5  17.0   13:27     N
 7  58.5  76.3   16:02  43.3   04:56   8.9   2.4  0.00   2.9  15.0   17:36   NNW
 8  60.6  79.9   16:36  43.2   04:26   8.3   3.9  0.00   2.3  13.0   15:20    NW
 9  59.7  80.2   14:41  40.5   06:05   9.0   3.7  0.00   2.5  18.0   15:13     W
10  62.4  85.6   14:56  42.5   05:58   7.7   5.1  0.00   2.8  20.0   16:25   WNW
11  65.4  86.1   13:51  45.9   06:27   6.1   6.5  0.00   2.7  17.0   14:48   WNW
12  63.4  85.7   13:26  45.9   06:39   7.0   5.4  0.00   3.0  25.0   15:57   WNW
13  59.1  77.4   12:05  44.9   05:47   8.7   2.8  0.00   2.9  17.0   15:30   WNW
14  58.4  77.8   13:37  42.1   06:14   9.6   3.0  0.00   2.3  14.0   15:15    NW
15  58.9  76.3   16:39  43.4   06:08   8.8   2.6  0.00   2.0  13.0   14:06    NW
16  58.7  78.8   13:57  46.0   03:51   9.1   2.8  0.00   2.0  13.0   15:09    NW
17  55.7  70.0   15:27  44.7   01:58   9.8   0.5  0.00   3.1  18.0   11:22   SSW
18  54.4  65.7   15:17  46.0   00:41  10.6   0.0  0.00   4.1  26.0   16:34     S
19  55.5  72.0   14:18  46.0   01:13  10.2   0.7  0.00   2.8  16.0   14:58   WNW
20  52.2  64.1   16:35  41.0   04:29  12.8   0.0  0.00   3.0  18.0   12:41     W
----------------------------------------------------------------------------------
    58.0  86.1    11    36.9     6   192.5  52.6  0.25   2.8  26.0    18     WNW

Max >=  80.0:  6
Max <=  32.0:  0
Min <=  32.0:  0
Min <=   0.0:  0
Max Rain: 0.24 on day 4
Days of Rain: 2 (>= 0.01 in)  1 (>= 0.10 in)  0 (>= 1.00 in)
Heat Base: 65.0  Cool Base: 65.0  Method: Integration