NOAA-Style Climate Reports

Select a Year or Month report
2019: Jan Feb Mar Apr May Jun Jul Aug Sep Oct Nov Dec
2018: Jan Feb Mar Apr May Jun Jul Aug Sep Oct Nov Dec
2017: Jan Feb Mar Apr May Jun Jul Aug Sep Oct Nov Dec
2016: Jan Feb Mar Apr May Jun Jul Aug Sep Oct Nov Dec
2015: Jan Feb Mar Apr May Jun Jul Aug Sep Oct Nov Dec
2014: Jan Feb Mar Apr May Jun Jul Aug Sep Oct Nov Dec
2013: Jan Feb Mar Apr May Jun Jul Aug Sep Oct Nov Dec
2012: Jan Feb Mar Apr May Jun Jul Aug Sep Oct Nov Dec
2011: Jan Feb Mar Apr May Jun Jul Aug Sep Oct Nov Dec
2010: Jan Feb Mar Apr May Jun Jul Aug Sep Oct Nov Dec
2009: Jan Feb Mar Apr May Jun Jul Aug Sep Oct Nov Dec
2008: Jan Feb Mar Apr May Jun Jul Aug Sep Oct Nov Dec
2007: Jan Feb Mar Apr May Jun Jul Aug Sep Oct Nov Dec
2006: Jan Feb Mar Apr May Jun Jul Aug Sep Oct Nov Dec

Report for 2019 December
                   Monthly Climatological Summary for Dec 2019

Name: Ponywagon Weather   City: Atascadero   State: California
Elevation: 999 ft  Lat: N 35° 26' 00"   Lon: W 120° 37' 53"

                  Temperature (°F), Rain (in), Wind Speed (mph)

                                      Heat  Cool        Avg
    Mean                              Deg   Deg         Wind                 Dom
Day Temp  High   Time   Low    Time   Days  Days  Rain  Speed High   Time    Dir
----------------------------------------------------------------------------------
 1  53.2  58.2   14:54  48.3   02:21  11.8   0.0  0.36   6.4  28.0   15:57   SSE
 2  55.7  63.2   10:07  43.6   23:57   9.3   0.0  0.04   3.8  18.0   11:35     S
 3  48.4  56.3   15:09  40.8   05:36  16.6   0.0  0.20   0.3   7.0   15:46   NNW
 4  54.1  59.4   11:34  50.9   03:57  10.9   0.0  0.89   3.4  20.0   05:56     S
 5  52.6  59.2   12:16  47.2   07:20  12.4   0.0  0.01   1.8  14.0   12:05   SSW
 6  54.4  61.7   14:28  45.0   07:23  10.6   0.0  0.00   4.7  24.0   11:05     S
 7  57.2  58.6   13:02  55.3   00:00   7.8   0.0  0.22   6.9  21.0   05:24     S
 8  51.9  57.1   11:14  45.8   19:24  13.1   0.0  0.81   1.5  19.0   01:18    SW
 9  50.2  59.8   14:32  42.7   23:51  14.8   0.0  0.01   1.5  12.0   13:15    NE
----------------------------------------------------------------------------------
    53.1  63.2     2    40.8     3   107.3   0.0  2.54   3.4  28.0     1       S

Max >=  80.0:  0
Max <=  32.0:  0
Min <=  32.0:  0
Min <=   0.0:  0
Max Rain: 0.89 on day 4
Days of Rain: 8 (>= 0.01 in)  5 (>= 0.10 in)  0 (>= 1.00 in)
Heat Base: 65.0  Cool Base: 65.0  Method: Integration