NOAA-Style Climate Reports

Select a Year or Month report
2020: Jan Feb Mar Apr May Jun Jul Aug Sep Oct Nov Dec
2019: Jan Feb Mar Apr May Jun Jul Aug Sep Oct Nov Dec
2018: Jan Feb Mar Apr May Jun Jul Aug Sep Oct Nov Dec
2017: Jan Feb Mar Apr May Jun Jul Aug Sep Oct Nov Dec
2016: Jan Feb Mar Apr May Jun Jul Aug Sep Oct Nov Dec
2015: Jan Feb Mar Apr May Jun Jul Aug Sep Oct Nov Dec
2014: Jan Feb Mar Apr May Jun Jul Aug Sep Oct Nov Dec
2013: Jan Feb Mar Apr May Jun Jul Aug Sep Oct Nov Dec
2012: Jan Feb Mar Apr May Jun Jul Aug Sep Oct Nov Dec
2011: Jan Feb Mar Apr May Jun Jul Aug Sep Oct Nov Dec
2010: Jan Feb Mar Apr May Jun Jul Aug Sep Oct Nov Dec
2009: Jan Feb Mar Apr May Jun Jul Aug Sep Oct Nov Dec
2008: Jan Feb Mar Apr May Jun Jul Aug Sep Oct Nov Dec
2007: Jan Feb Mar Apr May Jun Jul Aug Sep Oct Nov Dec
2006: Jan Feb Mar Apr May Jun Jul Aug Sep Oct Nov Dec

Report for 2020 January
                   Monthly Climatological Summary for Jan 2020

Name: Ponywagon Weather   City: Atascadero   State: California
Elevation: 999 ft  Lat: N 35° 26' 00"   Lon: W 120° 37' 53"

                  Temperature (°F), Rain (in), Wind Speed (mph)

                                      Heat  Cool        Avg
    Mean                              Deg   Deg         Wind                 Dom
Day Temp  High   Time   Low    Time   Days  Days  Rain  Speed High   Time    Dir
----------------------------------------------------------------------------------
 1  47.9  62.7   15:31  36.2   03:49  17.1   0.0  0.01   2.1  17.0   14:45     N
 2  51.5  60.2   13:41  40.9   23:44  13.5   0.0  0.00   2.6  17.0   12:20   NNE
 3  47.6  70.1   14:37  33.2   06:45  17.8   0.5  0.00   1.2  10.0   14:37   SSE
 4  46.1  62.2   14:44  33.8   05:24  18.9   0.0  0.00   1.6  10.0   12:40    NW
 5  49.5  58.9   13:47  39.7   23:48  15.5   0.0  0.00   3.1  18.0   14:00     N
 6  47.1  61.3   14:01  35.6   07:27  17.9   0.0  0.00   2.0  12.0   09:09   NNE
 7  43.3  63.4   15:16  29.9   07:27  21.7   0.0  0.00   0.9  12.0   15:36    NW
 8  45.5  56.8   16:07  37.3   07:13  19.5   0.0  0.01   1.5  13.0   11:59     N
 9  46.5  53.8   15:08  40.8   07:09  18.5   0.0  0.07   2.3  18.0   14:41     N
10  44.3  58.1   14:39  33.7   05:04  20.7   0.0  0.00   1.5  16.0   12:13    NE
11  42.7  55.6   15:08  30.3   04:02  22.3   0.0  0.01   1.7  15.0   12:34     N
12  43.9  56.3   14:46  35.0   05:36  21.1   0.0  0.00   1.9  16.0   13:29   NNW
13  43.3  56.8   15:13  34.1   01:46  21.7   0.0  0.00   1.7  12.0   18:40   NNW
14  43.7  57.2   14:29  32.2   07:29  21.3   0.0  0.00   2.0  14.0   12:47     N
15  43.4  61.4   15:38  34.3   23:58  21.6   0.0  0.00   2.3  12.0   12:02   WNW
16  42.5  49.7   12:10  33.9   00:23  22.5   0.0  0.50   5.3  32.0   10:01     S
17  40.1  52.4   14:16  34.0   02:04  24.9   0.0  0.00   1.0  13.0   12:32     N
18  40.4  53.9   13:59  31.3   03:10  24.6   0.0  0.02   1.5  12.0   13:40   NNW
19  41.4  50.4   14:39  31.0   05:51  23.6   0.0  0.00   0.5   6.0   19:56     S
20  47.8  56.0   13:46  41.8   06:45  17.2   0.0  0.00   1.1  17.0   12:54     S
21  49.5  61.1   13:54  41.6   23:45  15.5   0.0  0.00   1.6  14.0   15:30     W
22  52.8  65.0   15:53  42.0   00:00  12.1   0.0  0.00   2.2  13.0   22:07   ENE
23  53.8  68.5   14:36  44.3   23:49  11.5   0.3  0.00   1.8  12.0   09:11   NNW
24  49.6  65.3   15:17  38.4   06:40  15.4   0.0  0.01   1.3  12.0   13:30    NE
----------------------------------------------------------------------------------
    46.0  70.1     3    29.9     7   456.4   0.8  0.63   1.9  32.0    16       N

Max >=  80.0:  0
Max <=  32.0:  0
Min <=  32.0:  4
Min <=   0.0:  0
Max Rain: 0.50 on day 16
Days of Rain: 7 (>= 0.01 in)  1 (>= 0.10 in)  0 (>= 1.00 in)
Heat Base: 65.0  Cool Base: 65.0  Method: Integration