NOAA-Style Climate Reports

Select a Year or Month report
2022: Jan Feb Mar Apr May Jun Jul Aug Sep Oct Nov Dec
2021: Jan Feb Mar Apr May Jun Jul Aug Sep Oct Nov Dec
2020: Jan Feb Mar Apr May Jun Jul Aug Sep Oct Nov Dec
2019: Jan Feb Mar Apr May Jun Jul Aug Sep Oct Nov Dec
2018: Jan Feb Mar Apr May Jun Jul Aug Sep Oct Nov Dec
2017: Jan Feb Mar Apr May Jun Jul Aug Sep Oct Nov Dec
2016: Jan Feb Mar Apr May Jun Jul Aug Sep Oct Nov Dec
2015: Jan Feb Mar Apr May Jun Jul Aug Sep Oct Nov Dec
2014: Jan Feb Mar Apr May Jun Jul Aug Sep Oct Nov Dec
2013: Jan Feb Mar Apr May Jun Jul Aug Sep Oct Nov Dec
2012: Jan Feb Mar Apr May Jun Jul Aug Sep Oct Nov Dec
2011: Jan Feb Mar Apr May Jun Jul Aug Sep Oct Nov Dec
2010: Jan Feb Mar Apr May Jun Jul Aug Sep Oct Nov Dec
2009: Jan Feb Mar Apr May Jun Jul Aug Sep Oct Nov Dec
2008: Jan Feb Mar Apr May Jun Jul Aug Sep Oct Nov Dec
2007: Jan Feb Mar Apr May Jun Jul Aug Sep Oct Nov Dec
2006: Jan Feb Mar Apr May Jun Jul Aug Sep Oct Nov Dec

Report for 2022 September
                   Monthly Climatological Summary for Sep 2022

Name: Ponywagon Weather   City: Atascadero   State: California
Elevation: 1000 ft  Lat: N 35° 26' 02"   Lon: W 120° 37' 55"

                  Temperature (°F), Rain (in), Wind Speed (mph)

                                      Heat  Cool        Avg
    Mean                              Deg   Deg         Wind                 Dom
Day Temp  High   Time   Low    Time   Days  Days  Rain  Speed High   Time    Dir
----------------------------------------------------------------------------------
 1  84.2 111.4   15:06  57.6   06:48   1.0  20.2  0.00   2.3  13.0   16:38    NW
 2  85.3 110.9   15:26  62.7   06:59   0.2  20.5  0.00   2.6  18.0   17:02    NW
 3  84.3 109.7   15:28  60.6   07:07   0.4  19.7  0.00   2.4  14.0   15:45    NW
 4  85.8 106.9   14:10  63.7   07:05   0.0  20.8  0.00   2.8  18.0   16:24   WNW
 5  85.5 111.5   13:25  63.4   06:45   0.1  20.6  0.00   2.5  20.0   15:03   WNW
 6  83.5 105.8   14:34  62.6   06:54   0.2  18.7  0.00   2.2  20.0   13:22   WSW
 7  83.8 105.7   14:43  63.2   06:58   0.1  18.8  0.00   2.9  24.0   16:20   WNW
 8  82.0 107.7   13:50  62.6   07:13   0.1  17.1  0.00   2.2  17.0   14:26     W
 9  79.5 100.7   12:01  61.8   07:01   0.3  14.8  0.02   2.7  25.0   12:22     S
10  77.1  91.1   13:07  70.7   04:58   0.0  12.1  0.01   4.6  21.0   04:07   SSW
11  74.1  87.1   15:00  68.3   09:38   0.0   9.1  0.06   2.3  22.0   16:04     W
12  74.2  93.3   15:02  60.6   07:06   0.5   9.7  0.00   2.5  19.0   16:25   SSW
13  66.7  85.1   13:37  52.1   23:58   3.5   5.3  0.00   2.4  17.0   14:08     W
14  61.0  77.8   14:02  45.6   06:25   6.7   2.8  0.00   3.5  19.0   15:42     W
15  61.5  78.0   13:45  48.1   05:02   6.5   3.0  0.00   3.1  20.0   14:25   WNW
16  64.1  84.4   15:45  47.8   06:48   5.7   4.8  0.00   2.8  17.0   17:17   WNW
17  59.3  75.0   15:14  47.9   06:58   7.3   1.6  0.00   2.8  17.0   12:52    SW
18  61.5  74.6   14:27  49.9   00:25   5.0   1.5  0.06   6.9  31.0   12:23     S
19  60.1  63.8   16:45  57.4   23:59   4.9   0.0  0.64   2.5  11.0   00:26   SSE
20  60.9  73.0   14:50  53.4   23:49   5.7   1.6  0.01   2.4  16.0   12:17    SW
21  60.4  75.2   14:55  47.7   06:05   6.9   2.3  0.01   2.4  17.0   18:07     W
22  66.2  83.9   16:52  51.1   05:56   4.7   5.9  0.00   2.3  17.0   14:38    NE
23  69.6  90.6   15:16  53.6   07:22   3.1   7.8  0.01   2.6  13.0   14:30   WNW
24  68.0  90.5   13:51  48.7   06:36   4.6   7.6  0.00   1.9  15.0   14:32     S
25  67.9  90.8   14:11  52.7   05:20   4.1   6.9  0.00   1.6  15.0   16:50    NW
----------------------------------------------------------------------------------
    72.3 111.5     5    45.6    14    71.6 253.2  0.82   2.8  31.0    18     WSW

Max >=  80.0: 18
Max <=  32.0:  0
Min <=  32.0:  0
Min <=   0.0:  0
Max Rain: 0.64 on day 19
Days of Rain: 8 (>= 0.01 in)  1 (>= 0.10 in)  0 (>= 1.00 in)
Heat Base: 65.0  Cool Base: 65.0  Method: Integration