NOAA-Style Climate Reports

Select a Year or Month report
2021: Jan Feb Mar Apr May Jun Jul Aug Sep Oct Nov Dec
2020: Jan Feb Mar Apr May Jun Jul Aug Sep Oct Nov Dec
2019: Jan Feb Mar Apr May Jun Jul Aug Sep Oct Nov Dec
2018: Jan Feb Mar Apr May Jun Jul Aug Sep Oct Nov Dec
2017: Jan Feb Mar Apr May Jun Jul Aug Sep Oct Nov Dec
2016: Jan Feb Mar Apr May Jun Jul Aug Sep Oct Nov Dec
2015: Jan Feb Mar Apr May Jun Jul Aug Sep Oct Nov Dec
2014: Jan Feb Mar Apr May Jun Jul Aug Sep Oct Nov Dec
2013: Jan Feb Mar Apr May Jun Jul Aug Sep Oct Nov Dec
2012: Jan Feb Mar Apr May Jun Jul Aug Sep Oct Nov Dec
2011: Jan Feb Mar Apr May Jun Jul Aug Sep Oct Nov Dec
2010: Jan Feb Mar Apr May Jun Jul Aug Sep Oct Nov Dec
2009: Jan Feb Mar Apr May Jun Jul Aug Sep Oct Nov Dec
2008: Jan Feb Mar Apr May Jun Jul Aug Sep Oct Nov Dec
2007: Jan Feb Mar Apr May Jun Jul Aug Sep Oct Nov Dec
2006: Jan Feb Mar Apr May Jun Jul Aug Sep Oct Nov Dec

Report for 2021 September
                   Monthly Climatological Summary for Sep 2021

Name: Ponywagon Weather   City: Atascadero   State: CA
Elevation: 998 ft  Lat: N 36° 26' 02"   Lon: W 120° 37' 55"

                  Temperature (°F), Rain (in), Wind Speed (mph)

                                      Heat  Cool        Avg
    Mean                              Deg   Deg         Wind                 Dom
Day Temp  High   Time   Low    Time   Days  Days  Rain  Speed High   Time    Dir
----------------------------------------------------------------------------------
 1  63.1  77.8   15:08  50.6   06:56   5.3   3.4  0.00   3.2  17.0   15:24   WSW
 2  61.2  80.3   16:01  47.8   02:05   7.6   3.8  0.00   2.5  17.0   12:56     S
 3  62.0  90.0   14:44  40.2   05:30   9.5   6.5  0.00   1.9  16.0   15:04   WNW
 4  67.1  93.6   13:40  43.4   07:00   6.8   8.8  0.00   2.6  16.0   14:11   WNW
 5  72.1 100.8   15:36  46.5   07:14   4.8  11.8  0.00   2.6  18.0   16:17   WNW
 6  78.3 106.0   15:09  54.4   06:37   2.2  15.5  0.00   2.3  16.0   16:51   WNW
 7  74.8  89.3   16:30  57.1   06:35   1.1  10.9  0.00   1.6  19.0   14:55   WNW
 8  77.3 102.5   13:31  56.2   06:53   1.4  13.6  0.00   2.6  16.0   13:41   WNW
 9  75.5  97.9   12:40  59.9   07:00   0.7  11.0  0.00   1.5  25.0   14:55     S
10  74.6  93.8   14:16  61.3   23:57   0.2   9.8  0.00   2.9  17.0   15:57   WNW
11  69.5  92.0   13:47  53.5   07:10   3.2   7.7  0.00   2.8  18.0   14:08   WNW
12  70.0  94.5   13:58  48.1   07:09   4.6   9.6  0.00   2.7  17.0   15:00   WNW
13  72.4  96.9   13:40  50.1   07:17   3.5  10.9  0.00   2.9  21.0   16:29   WNW
14  68.6  90.6   14:20  48.7   07:17   4.5   8.0  0.00   3.7  20.0   13:59   SSE
15  66.0  87.1   14:05  47.8   05:55   5.7   6.7  0.00   1.1  14.0   13:20     W
16  59.7  79.1   13:46   0.0   00:02   8.6   3.4  0.00   1.8  16.0   12:50   WSW
----------------------------------------------------------------------------------
    69.5 106.0     6     0.0    16    69.7 141.4  0.00   2.5  25.0     9       W

Max >=  80.0: 14
Max <=  32.0:  0
Min <=  32.0:  1
Min <=   0.0:  1
Max Rain: 0.00 on day 0
Days of Rain: 0 (>= 0.01 in)  0 (>= 0.10 in)  0 (>= 1.00 in)
Heat Base: 65.0  Cool Base: 65.0  Method: Integration