NOAA-Style Climate Reports
Select a Year or Month report
2024: Jan Feb Mar Apr May Jun Jul Aug Sep Oct Nov Dec
2023: Jan Feb Mar Apr May Jun Jul Aug Sep Oct Nov Dec
2022: Jan Feb Mar Apr May Jun Jul Aug Sep Oct Nov Dec
2021: Jan Feb Mar Apr May Jun Jul Aug Sep Oct Nov Dec
2020: Jan Feb Mar Apr May Jun Jul Aug Sep Oct Nov Dec
2019: Jan Feb Mar Apr May Jun Jul Aug Sep Oct Nov Dec
2018: Jan Feb Mar Apr May Jun Jul Aug Sep Oct Nov Dec
2017: Jan Feb Mar Apr May Jun Jul Aug Sep Oct Nov Dec
2016: Jan Feb Mar Apr May Jun Jul Aug Sep Oct Nov Dec
2015: Jan Feb Mar Apr May Jun Jul Aug Sep Oct Nov Dec
2014: Jan Feb Mar Apr May Jun Jul Aug Sep Oct Nov Dec
2013: Jan Feb Mar Apr May Jun Jul Aug Sep Oct Nov Dec
2012: Jan Feb Mar Apr May Jun Jul Aug Sep Oct Nov Dec
2011: Jan Feb Mar Apr May Jun Jul Aug Sep Oct Nov Dec
2010: Jan Feb Mar Apr May Jun Jul Aug Sep Oct Nov Dec
2009: Jan Feb Mar Apr May Jun Jul Aug Sep Oct Nov Dec
2008: Jan Feb Mar Apr May Jun Jul Aug Sep Oct Nov Dec
2007: Jan Feb Mar Apr May Jun Jul Aug Sep Oct Nov Dec
2006: Jan Feb Mar Apr May Jun Jul Aug Sep Oct Nov Dec
2024: Jan Feb Mar Apr May Jun Jul Aug Sep Oct Nov Dec
2023: Jan Feb Mar Apr May Jun Jul Aug Sep Oct Nov Dec
2022: Jan Feb Mar Apr May Jun Jul Aug Sep Oct Nov Dec
2021: Jan Feb Mar Apr May Jun Jul Aug Sep Oct Nov Dec
2020: Jan Feb Mar Apr May Jun Jul Aug Sep Oct Nov Dec
2019: Jan Feb Mar Apr May Jun Jul Aug Sep Oct Nov Dec
2018: Jan Feb Mar Apr May Jun Jul Aug Sep Oct Nov Dec
2017: Jan Feb Mar Apr May Jun Jul Aug Sep Oct Nov Dec
2016: Jan Feb Mar Apr May Jun Jul Aug Sep Oct Nov Dec
2015: Jan Feb Mar Apr May Jun Jul Aug Sep Oct Nov Dec
2014: Jan Feb Mar Apr May Jun Jul Aug Sep Oct Nov Dec
2013: Jan Feb Mar Apr May Jun Jul Aug Sep Oct Nov Dec
2012: Jan Feb Mar Apr May Jun Jul Aug Sep Oct Nov Dec
2011: Jan Feb Mar Apr May Jun Jul Aug Sep Oct Nov Dec
2010: Jan Feb Mar Apr May Jun Jul Aug Sep Oct Nov Dec
2009: Jan Feb Mar Apr May Jun Jul Aug Sep Oct Nov Dec
2008: Jan Feb Mar Apr May Jun Jul Aug Sep Oct Nov Dec
2007: Jan Feb Mar Apr May Jun Jul Aug Sep Oct Nov Dec
2006: Jan Feb Mar Apr May Jun Jul Aug Sep Oct Nov Dec
Report for 2023 August
Monthly Climatological Summary for Aug 2023 Name: Ponywagon Weather City: Atascadero State: California Elevation: 1000 ft Lat: N 35° 26' 02" Lon: W 120° 37' 55" Temperature (°F), Rain (in), Wind Speed (mph) Heat Cool Avg Mean Deg Deg Wind Dom Day Temp High Time Low Time Days Days Rain Speed High Time Dir ---------------------------------------------------------------------------------- 1 68.7 90.2 14:24 51.8 06:22 3.8 7.6 0.00 2.2 17.0 15:01 W 2 61.4 78.3 13:57 46.2 05:14 7.0 3.5 0.00 2.4 16.0 14:28 WNW 3 65.8 84.4 14:34 47.0 06:24 5.3 6.1 0.00 3.5 19.0 16:54 NW 4 70.3 93.5 16:02 49.7 06:04 4.0 9.3 0.00 2.8 17.0 18:15 NW 5 75.9 99.4 16:11 52.1 06:34 2.6 13.5 0.00 2.7 16.0 17:22 NW 6 79.7 101.8 15:39 55.6 06:50 1.3 16.1 0.00 2.3 19.0 16:34 NW 7 75.8 93.1 11:27 58.9 06:55 0.7 11.5 0.00 3.7 19.0 14:04 S 8 66.6 83.6 13:28 50.7 06:59 4.3 6.0 0.00 2.8 18.0 13:32 S 9 65.7 84.2 12:14 46.7 06:39 5.5 6.2 0.00 2.4 18.0 12:46 S 10 66.1 77.0 11:43 56.1 06:14 2.2 3.4 0.01 2.0 16.0 11:47 SSW 11 71.1 85.0 14:10 62.9 23:56 0.3 6.4 0.03 2.5 19.0 15:31 WNW 12 70.5 89.7 12:59 54.8 06:47 2.4 7.9 0.00 2.5 17.0 15:11 WNW 13 73.2 96.0 13:49 56.0 06:40 1.7 9.9 0.00 2.8 23.0 15:31 WNW 14 76.6 95.9 14:44 61.0 06:37 0.8 12.4 0.00 2.1 19.0 14:03 SW 15 77.9 101.3 16:23 56.3 06:51 1.5 14.3 0.00 1.7 19.0 14:50 W 16 77.4 99.5 16:24 57.8 06:26 1.1 13.5 0.00 2.0 17.0 17:16 WNW 17 72.1 95.2 12:23 56.6 06:38 2.0 9.1 0.00 2.7 18.0 14:39 S 18 68.5 89.9 14:51 51.7 04:22 4.1 7.6 0.00 2.4 17.0 16:43 SSW 19 67.9 84.1 13:17 52.4 06:24 3.2 6.2 0.00 2.6 21.0 12:44 SSW 20 70.7 85.4 13:11 60.1 03:20 1.0 6.7 0.00 3.3 21.0 15:05 NE 21 69.5 78.4 14:57 61.4 23:48 0.3 4.8 0.00 6.1 24.0 09:43 SSW 22 69.0 86.9 13:28 54.8 06:55 2.6 6.6 0.00 3.2 17.0 14:43 WNW 23 73.2 96.2 14:01 56.4 07:00 1.9 10.1 0.00 2.2 18.0 14:51 WNW 24 68.3 82.7 12:29 55.4 06:31 2.4 5.7 0.00 2.4 16.0 12:27 SW 25 67.0 86.7 13:51 51.0 04:03 4.6 6.6 0.00 2.1 16.0 14:57 WNW 26 68.2 91.5 14:35 49.3 07:02 4.7 8.0 0.00 2.4 16.0 15:44 WNW 27 74.4 99.1 15:38 50.5 06:49 3.7 13.1 0.00 2.0 14.0 12:56 N 28 77.8 102.6 16:46 52.6 06:43 2.0 14.8 0.00 2.3 17.0 13:10 NNW 29 76.0 99.1 16:53 57.3 04:27 1.6 12.6 0.00 2.9 15.0 15:52 NNW 30 74.7 101.2 15:20 49.9 06:50 3.2 12.9 0.00 2.0 17.0 16:43 NW 31 68.6 88.1 15:04 51.1 06:44 3.8 7.4 0.00 4.1 21.0 18:39 SSE ---------------------------------------------------------------------------------- 71.2 102.6 28 46.2 2 85.6 279.8 0.04 2.7 24.0 21 W Max >= 80.0: 28 Max <= 32.0: 0 Min <= 32.0: 0 Min <= 0.0: 0 Max Rain: 0.03 on day 11 Days of Rain: 2 (>= 0.01 in) 0 (>= 0.10 in) 0 (>= 1.00 in) Heat Base: 65.0 Cool Base: 65.0 Method: Integration