NOAA-Style Climate Reports
Select a Year or Month report
2024: Jan Feb Mar Apr May Jun Jul Aug Sep Oct Nov Dec
2023: Jan Feb Mar Apr May Jun Jul Aug Sep Oct Nov Dec
2022: Jan Feb Mar Apr May Jun Jul Aug Sep Oct Nov Dec
2021: Jan Feb Mar Apr May Jun Jul Aug Sep Oct Nov Dec
2020: Jan Feb Mar Apr May Jun Jul Aug Sep Oct Nov Dec
2019: Jan Feb Mar Apr May Jun Jul Aug Sep Oct Nov Dec
2018: Jan Feb Mar Apr May Jun Jul Aug Sep Oct Nov Dec
2017: Jan Feb Mar Apr May Jun Jul Aug Sep Oct Nov Dec
2016: Jan Feb Mar Apr May Jun Jul Aug Sep Oct Nov Dec
2015: Jan Feb Mar Apr May Jun Jul Aug Sep Oct Nov Dec
2014: Jan Feb Mar Apr May Jun Jul Aug Sep Oct Nov Dec
2013: Jan Feb Mar Apr May Jun Jul Aug Sep Oct Nov Dec
2012: Jan Feb Mar Apr May Jun Jul Aug Sep Oct Nov Dec
2011: Jan Feb Mar Apr May Jun Jul Aug Sep Oct Nov Dec
2010: Jan Feb Mar Apr May Jun Jul Aug Sep Oct Nov Dec
2009: Jan Feb Mar Apr May Jun Jul Aug Sep Oct Nov Dec
2008: Jan Feb Mar Apr May Jun Jul Aug Sep Oct Nov Dec
2007: Jan Feb Mar Apr May Jun Jul Aug Sep Oct Nov Dec
2006: Jan Feb Mar Apr May Jun Jul Aug Sep Oct Nov Dec
2024: Jan Feb Mar Apr May Jun Jul Aug Sep Oct Nov Dec
2023: Jan Feb Mar Apr May Jun Jul Aug Sep Oct Nov Dec
2022: Jan Feb Mar Apr May Jun Jul Aug Sep Oct Nov Dec
2021: Jan Feb Mar Apr May Jun Jul Aug Sep Oct Nov Dec
2020: Jan Feb Mar Apr May Jun Jul Aug Sep Oct Nov Dec
2019: Jan Feb Mar Apr May Jun Jul Aug Sep Oct Nov Dec
2018: Jan Feb Mar Apr May Jun Jul Aug Sep Oct Nov Dec
2017: Jan Feb Mar Apr May Jun Jul Aug Sep Oct Nov Dec
2016: Jan Feb Mar Apr May Jun Jul Aug Sep Oct Nov Dec
2015: Jan Feb Mar Apr May Jun Jul Aug Sep Oct Nov Dec
2014: Jan Feb Mar Apr May Jun Jul Aug Sep Oct Nov Dec
2013: Jan Feb Mar Apr May Jun Jul Aug Sep Oct Nov Dec
2012: Jan Feb Mar Apr May Jun Jul Aug Sep Oct Nov Dec
2011: Jan Feb Mar Apr May Jun Jul Aug Sep Oct Nov Dec
2010: Jan Feb Mar Apr May Jun Jul Aug Sep Oct Nov Dec
2009: Jan Feb Mar Apr May Jun Jul Aug Sep Oct Nov Dec
2008: Jan Feb Mar Apr May Jun Jul Aug Sep Oct Nov Dec
2007: Jan Feb Mar Apr May Jun Jul Aug Sep Oct Nov Dec
2006: Jan Feb Mar Apr May Jun Jul Aug Sep Oct Nov Dec
Report for 2023 July
Monthly Climatological Summary for Jul 2023 Name: Ponywagon Weather City: Atascadero State: California Elevation: 1000 ft Lat: N 35° 26' 02" Lon: W 120° 37' 55" Temperature (°F), Rain (in), Wind Speed (mph) Heat Cool Avg Mean Deg Deg Wind Dom Day Temp High Time Low Time Days Days Rain Speed High Time Dir ---------------------------------------------------------------------------------- 1 80.8 107.3 14:37 58.0 06:17 1.0 16.8 0.00 2.4 20.0 15:45 WNW 2 77.8 96.0 11:44 59.5 06:32 0.5 13.4 0.00 2.6 17.0 13:46 WNW 3 72.1 89.8 11:46 54.4 06:23 2.3 9.5 0.00 3.4 25.0 15:30 WNW 4 65.6 88.9 14:21 46.3 06:24 6.1 6.7 0.00 2.2 14.0 13:17 SSW 5 62.6 84.5 14:24 44.4 06:07 7.6 5.1 0.00 2.5 18.0 15:29 NW 6 59.0 77.1 13:44 43.6 04:42 8.7 2.7 0.00 2.8 18.0 16:22 WNW 7 63.5 83.2 15:42 47.9 02:07 6.5 5.1 0.00 2.3 13.0 16:54 NW 8 62.1 89.3 15:10 46.4 04:59 5.6 3.6 0.00 2.3 20.0 17:02 WNW 9 61.6 80.0 14:07 45.7 04:51 7.2 3.8 0.00 2.2 15.0 14:58 NW 10 66.8 91.2 15:28 47.2 05:34 5.7 7.5 0.00 3.0 19.0 16:45 WNW 11 71.0 91.4 14:25 49.1 06:26 4.1 10.1 0.00 2.6 16.0 15:01 WNW 12 71.7 93.1 12:57 48.6 06:31 4.1 10.8 0.00 2.8 17.0 15:22 WNW 13 75.1 99.9 15:14 50.5 06:27 3.4 13.5 0.00 2.7 19.0 18:19 WNW 14 78.3 101.7 15:33 55.3 06:34 1.6 14.9 0.00 3.1 17.0 17:05 NW 15 79.9 107.9 14:22 55.4 06:17 1.5 16.5 0.00 2.3 15.0 14:59 WNW 16 78.6 95.1 12:41 60.8 06:07 0.5 14.1 0.00 3.0 19.0 13:31 SSE 17 74.9 89.1 15:15 59.2 05:26 0.9 10.8 0.00 2.7 19.0 13:17 SSE 18 76.3 91.7 12:24 61.2 03:21 0.5 11.8 0.00 2.8 20.0 13:54 S 19 75.8 98.1 14:16 56.4 06:23 1.6 12.4 0.00 2.4 14.0 14:27 WNW 20 74.7 101.5 14:32 51.3 06:26 3.1 12.9 0.00 2.4 18.0 16:15 WNW 21 77.6 104.4 15:10 54.7 06:42 1.9 14.4 0.00 2.4 25.0 15:48 WNW 22 79.3 101.8 12:56 57.0 06:37 1.2 15.4 0.00 2.0 15.0 13:41 WNW 23 77.8 92.9 14:42 64.4 23:58 0.0 12.8 0.00 3.3 20.0 14:21 SSE 24 76.8 100.9 16:05 54.4 06:26 2.2 14.0 0.00 2.3 12.0 16:20 NW 25 79.7 102.7 15:53 60.5 05:33 0.5 15.2 0.00 2.6 17.0 18:08 WNW 26 76.9 97.4 13:27 59.3 06:46 0.8 12.7 0.00 2.5 16.0 14:33 WNW 27 74.8 100.4 15:04 51.6 06:31 2.9 12.8 0.00 2.6 17.0 16:26 NW 28 76.5 100.9 15:20 53.7 06:35 2.0 13.5 0.00 2.6 16.0 18:23 WNW 29 79.3 102.4 15:21 59.5 06:02 0.7 15.0 0.00 2.6 17.0 17:40 WNW 30 80.3 103.4 16:18 58.8 06:50 0.7 16.0 0.00 2.9 16.0 17:54 NW 31 76.5 98.4 13:31 57.3 06:46 1.0 12.5 0.00 2.3 16.0 16:52 WNW ---------------------------------------------------------------------------------- 73.7 107.9 15 43.6 6 86.4 356.3 0.00 2.6 25.0 3 WNW Max >= 80.0: 30 Max <= 32.0: 0 Min <= 32.0: 0 Min <= 0.0: 0 Max Rain: 0.00 on day 0 Days of Rain: 0 (>= 0.01 in) 0 (>= 0.10 in) 0 (>= 1.00 in) Heat Base: 65.0 Cool Base: 65.0 Method: Integration