NOAA-Style Climate Reports
Select a Year or Month report
2024: Jan Feb Mar Apr May Jun Jul Aug Sep Oct Nov Dec
2023: Jan Feb Mar Apr May Jun Jul Aug Sep Oct Nov Dec
2022: Jan Feb Mar Apr May Jun Jul Aug Sep Oct Nov Dec
2021: Jan Feb Mar Apr May Jun Jul Aug Sep Oct Nov Dec
2020: Jan Feb Mar Apr May Jun Jul Aug Sep Oct Nov Dec
2019: Jan Feb Mar Apr May Jun Jul Aug Sep Oct Nov Dec
2018: Jan Feb Mar Apr May Jun Jul Aug Sep Oct Nov Dec
2017: Jan Feb Mar Apr May Jun Jul Aug Sep Oct Nov Dec
2016: Jan Feb Mar Apr May Jun Jul Aug Sep Oct Nov Dec
2015: Jan Feb Mar Apr May Jun Jul Aug Sep Oct Nov Dec
2014: Jan Feb Mar Apr May Jun Jul Aug Sep Oct Nov Dec
2013: Jan Feb Mar Apr May Jun Jul Aug Sep Oct Nov Dec
2012: Jan Feb Mar Apr May Jun Jul Aug Sep Oct Nov Dec
2011: Jan Feb Mar Apr May Jun Jul Aug Sep Oct Nov Dec
2010: Jan Feb Mar Apr May Jun Jul Aug Sep Oct Nov Dec
2009: Jan Feb Mar Apr May Jun Jul Aug Sep Oct Nov Dec
2008: Jan Feb Mar Apr May Jun Jul Aug Sep Oct Nov Dec
2007: Jan Feb Mar Apr May Jun Jul Aug Sep Oct Nov Dec
2006: Jan Feb Mar Apr May Jun Jul Aug Sep Oct Nov Dec
2024: Jan Feb Mar Apr May Jun Jul Aug Sep Oct Nov Dec
2023: Jan Feb Mar Apr May Jun Jul Aug Sep Oct Nov Dec
2022: Jan Feb Mar Apr May Jun Jul Aug Sep Oct Nov Dec
2021: Jan Feb Mar Apr May Jun Jul Aug Sep Oct Nov Dec
2020: Jan Feb Mar Apr May Jun Jul Aug Sep Oct Nov Dec
2019: Jan Feb Mar Apr May Jun Jul Aug Sep Oct Nov Dec
2018: Jan Feb Mar Apr May Jun Jul Aug Sep Oct Nov Dec
2017: Jan Feb Mar Apr May Jun Jul Aug Sep Oct Nov Dec
2016: Jan Feb Mar Apr May Jun Jul Aug Sep Oct Nov Dec
2015: Jan Feb Mar Apr May Jun Jul Aug Sep Oct Nov Dec
2014: Jan Feb Mar Apr May Jun Jul Aug Sep Oct Nov Dec
2013: Jan Feb Mar Apr May Jun Jul Aug Sep Oct Nov Dec
2012: Jan Feb Mar Apr May Jun Jul Aug Sep Oct Nov Dec
2011: Jan Feb Mar Apr May Jun Jul Aug Sep Oct Nov Dec
2010: Jan Feb Mar Apr May Jun Jul Aug Sep Oct Nov Dec
2009: Jan Feb Mar Apr May Jun Jul Aug Sep Oct Nov Dec
2008: Jan Feb Mar Apr May Jun Jul Aug Sep Oct Nov Dec
2007: Jan Feb Mar Apr May Jun Jul Aug Sep Oct Nov Dec
2006: Jan Feb Mar Apr May Jun Jul Aug Sep Oct Nov Dec
Report for 2023 April
Monthly Climatological Summary for Apr 2023 Name: Ponywagon Weather City: Atascadero State: California Elevation: 1000 ft Lat: N 35° 26' 02" Lon: W 120° 37' 55" Temperature (°F), Rain (in), Wind Speed (mph) Heat Cool Avg Mean Deg Deg Wind Dom Day Temp High Time Low Time Days Days Rain Speed High Time Dir ---------------------------------------------------------------------------------- 1 51.1 66.3 17:47 37.4 04:33 14.0 0.1 0.00 2.6 14.0 11:50 NNE 2 48.9 62.9 14:50 38.2 06:53 16.1 0.0 0.00 2.9 21.0 16:34 WNW 3 48.1 56.3 15:32 39.9 23:59 16.9 0.0 0.00 5.8 24.0 16:57 NNW 4 44.8 58.8 14:59 31.2 06:54 20.2 0.0 0.00 2.8 20.0 16:21 NW 5 48.3 63.1 16:14 33.5 06:49 16.7 0.0 0.00 2.3 13.0 14:55 NNE 6 51.7 69.7 16:09 37.2 07:21 13.8 0.5 0.00 2.7 18.0 14:40 W 7 53.1 63.0 12:51 42.7 04:49 11.9 0.0 0.00 3.3 17.0 14:58 W 8 55.7 72.2 16:38 44.4 03:00 10.1 0.9 0.00 1.9 12.0 17:20 NW 9 61.6 77.9 16:08 45.9 05:50 6.9 3.5 0.00 2.6 16.0 10:20 NE 10 62.4 81.1 13:49 47.6 07:11 6.0 3.5 0.00 2.8 19.0 14:18 WNW 11 58.9 74.9 17:20 48.4 02:03 8.0 1.9 0.00 2.8 13.0 14:38 NNW 12 53.2 68.3 15:21 42.0 06:46 12.0 0.2 0.00 2.9 14.0 11:52 NNW 13 50.0 65.5 14:49 36.8 06:53 15.0 0.0 0.00 3.0 17.0 15:53 NW 14 50.0 68.7 15:25 35.9 06:41 15.2 0.2 0.00 2.4 16.0 17:04 WNW 15 52.6 73.4 14:37 35.3 06:47 13.4 1.0 0.00 2.6 16.0 15:41 WNW 16 52.3 71.6 15:42 38.7 06:39 13.4 0.7 0.00 2.2 13.0 16:07 NW 17 52.6 68.5 15:25 41.3 06:36 12.7 0.3 0.00 2.8 14.0 15:44 NW 18 49.8 63.0 14:40 37.1 06:39 15.2 0.0 0.01 4.0 22.0 17:31 NW 19 50.5 66.2 17:55 34.0 06:55 14.6 0.1 0.00 2.5 15.0 13:08 NNE 20 56.1 72.8 16:27 39.1 05:48 10.6 1.7 0.00 3.0 18.0 12:32 NNE 21 63.3 81.3 16:39 45.1 05:29 6.8 5.2 0.00 3.2 20.0 13:00 NNE 22 63.7 82.3 16:05 45.1 06:33 6.2 5.0 0.00 3.0 17.0 19:22 NW 23 62.5 79.5 15:53 46.3 06:55 6.5 3.9 0.00 2.9 18.0 11:46 NNW 24 61.3 80.9 16:45 46.1 04:03 7.8 4.0 0.00 2.8 16.0 12:04 NNW 25 59.0 82.3 16:26 39.2 05:46 10.1 4.1 0.00 2.5 13.0 17:13 NW 26 63.1 85.9 14:44 42.1 06:19 7.9 6.0 0.00 1.8 14.0 15:07 WNW 27 64.8 88.1 14:33 43.8 06:40 6.7 6.5 0.00 2.4 18.0 16:18 WNW 28 65.3 85.5 13:25 46.7 06:24 5.9 6.2 0.00 2.1 15.0 15:15 WNW 29 65.5 84.7 15:36 48.4 06:28 5.4 5.8 0.00 2.2 15.0 16:54 WNW 30 58.5 76.4 13:34 46.4 23:58 8.5 2.0 0.00 2.9 18.0 13:49 NW ---------------------------------------------------------------------------------- 56.0 88.1 27 31.2 4 334.5 63.3 0.01 2.8 24.0 3 NW Max >= 80.0: 9 Max <= 32.0: 0 Min <= 32.0: 1 Min <= 0.0: 0 Max Rain: 0.01 on day 18 Days of Rain: 1 (>= 0.01 in) 0 (>= 0.10 in) 0 (>= 1.00 in) Heat Base: 65.0 Cool Base: 65.0 Method: Integration