NOAA-Style Climate Reports
Select a Year or Month report
2024: Jan Feb Mar Apr May Jun Jul Aug Sep Oct Nov Dec
2023: Jan Feb Mar Apr May Jun Jul Aug Sep Oct Nov Dec
2022: Jan Feb Mar Apr May Jun Jul Aug Sep Oct Nov Dec
2021: Jan Feb Mar Apr May Jun Jul Aug Sep Oct Nov Dec
2020: Jan Feb Mar Apr May Jun Jul Aug Sep Oct Nov Dec
2019: Jan Feb Mar Apr May Jun Jul Aug Sep Oct Nov Dec
2018: Jan Feb Mar Apr May Jun Jul Aug Sep Oct Nov Dec
2017: Jan Feb Mar Apr May Jun Jul Aug Sep Oct Nov Dec
2016: Jan Feb Mar Apr May Jun Jul Aug Sep Oct Nov Dec
2015: Jan Feb Mar Apr May Jun Jul Aug Sep Oct Nov Dec
2014: Jan Feb Mar Apr May Jun Jul Aug Sep Oct Nov Dec
2013: Jan Feb Mar Apr May Jun Jul Aug Sep Oct Nov Dec
2012: Jan Feb Mar Apr May Jun Jul Aug Sep Oct Nov Dec
2011: Jan Feb Mar Apr May Jun Jul Aug Sep Oct Nov Dec
2010: Jan Feb Mar Apr May Jun Jul Aug Sep Oct Nov Dec
2009: Jan Feb Mar Apr May Jun Jul Aug Sep Oct Nov Dec
2008: Jan Feb Mar Apr May Jun Jul Aug Sep Oct Nov Dec
2007: Jan Feb Mar Apr May Jun Jul Aug Sep Oct Nov Dec
2006: Jan Feb Mar Apr May Jun Jul Aug Sep Oct Nov Dec
2024: Jan Feb Mar Apr May Jun Jul Aug Sep Oct Nov Dec
2023: Jan Feb Mar Apr May Jun Jul Aug Sep Oct Nov Dec
2022: Jan Feb Mar Apr May Jun Jul Aug Sep Oct Nov Dec
2021: Jan Feb Mar Apr May Jun Jul Aug Sep Oct Nov Dec
2020: Jan Feb Mar Apr May Jun Jul Aug Sep Oct Nov Dec
2019: Jan Feb Mar Apr May Jun Jul Aug Sep Oct Nov Dec
2018: Jan Feb Mar Apr May Jun Jul Aug Sep Oct Nov Dec
2017: Jan Feb Mar Apr May Jun Jul Aug Sep Oct Nov Dec
2016: Jan Feb Mar Apr May Jun Jul Aug Sep Oct Nov Dec
2015: Jan Feb Mar Apr May Jun Jul Aug Sep Oct Nov Dec
2014: Jan Feb Mar Apr May Jun Jul Aug Sep Oct Nov Dec
2013: Jan Feb Mar Apr May Jun Jul Aug Sep Oct Nov Dec
2012: Jan Feb Mar Apr May Jun Jul Aug Sep Oct Nov Dec
2011: Jan Feb Mar Apr May Jun Jul Aug Sep Oct Nov Dec
2010: Jan Feb Mar Apr May Jun Jul Aug Sep Oct Nov Dec
2009: Jan Feb Mar Apr May Jun Jul Aug Sep Oct Nov Dec
2008: Jan Feb Mar Apr May Jun Jul Aug Sep Oct Nov Dec
2007: Jan Feb Mar Apr May Jun Jul Aug Sep Oct Nov Dec
2006: Jan Feb Mar Apr May Jun Jul Aug Sep Oct Nov Dec
Report for 2017 July
Monthly Climatological Summary for Jul 2017 Name: Ponywagon Weather City: Atascadero State: California Elevation: 999 ft Lat: N 35° 26' 00" Lon: W 120° 37' 53" Temperature (°F), Rain (in), Wind Speed (mph) Heat Cool Avg Mean Deg Deg Wind Dom Day Temp High Time Low Time Days Days Rain Speed High Time Dir ---------------------------------------------------------------------------------- 1 66.4 89.8 14:26 49.6 06:18 5.0 6.4 0.00 2.3 15.0 15:19 WNW 2 63.1 81.3 13:34 46.2 05:29 6.3 4.4 0.00 2.5 16.0 13:38 WSW 3 68.6 85.4 14:35 50.1 06:03 4.4 8.0 0.00 1.8 18.0 13:29 SSE 4 72.6 97.1 15:19 47.7 06:20 4.5 12.1 0.00 2.4 16.0 13:14 WSW 5 75.6 97.3 13:34 53.6 06:05 2.4 13.1 0.00 3.2 21.0 15:57 WNW 6 82.2 105.6 14:54 61.2 06:35 0.2 17.4 0.00 3.5 23.0 17:57 WNW 7 84.3 109.0 16:17 62.7 05:50 0.1 19.3 0.00 3.2 18.0 17:24 WNW 8 86.6 107.0 15:11 64.6 06:36 0.0 21.6 0.00 3.3 17.0 18:49 NW 9 78.0 96.4 13:05 59.9 05:25 0.6 13.5 0.00 2.9 23.0 13:24 SSE 10 77.9 98.1 14:12 60.9 06:13 0.4 13.4 0.00 1.9 30.0 14:13 WSW 11 74.8 92.2 15:05 59.8 06:08 0.8 10.6 0.00 3.3 18.0 13:24 SSE 12 71.7 91.7 13:27 51.4 05:49 3.2 9.9 0.00 3.0 17.0 14:02 W 13 72.7 93.4 14:14 51.9 06:19 3.1 10.8 0.00 2.4 18.0 12:35 SSW 14 73.4 95.8 13:24 51.7 06:19 3.0 11.4 0.00 2.9 17.0 14:17 WNW 15 78.0 103.2 16:55 53.5 06:19 2.4 15.4 0.00 2.5 16.0 18:00 NW 16 83.7 106.0 14:10 64.7 07:05 0.0 18.7 0.00 2.8 20.0 15:44 WNW 17 79.2 100.2 13:08 57.9 06:34 0.7 15.0 0.00 3.1 19.0 16:16 WNW 18 77.9 99.6 14:44 56.2 06:04 1.4 14.3 0.00 3.9 18.0 16:25 WNW 19 72.1 92.6 13:39 52.3 06:23 2.5 9.6 0.00 3.3 17.0 14:23 WNW 20 70.7 93.1 14:27 49.1 05:06 4.2 9.9 0.00 2.9 19.0 15:56 WNW 21 72.8 95.8 15:06 51.4 06:31 2.8 10.7 0.00 3.4 24.0 16:19 WNW 22 73.1 96.4 13:43 51.6 06:19 2.8 10.9 0.00 2.9 19.0 14:42 W 23 72.4 91.0 12:12 53.9 06:26 2.4 9.7 0.00 3.7 19.0 16:40 SSE 24 69.4 83.0 12:17 53.5 05:47 2.8 7.1 0.00 3.7 21.0 12:36 SSE 25 66.4 83.4 14:30 50.9 06:11 4.0 5.4 0.00 3.7 23.0 12:11 SSE 26 73.0 90.8 13:33 55.7 06:27 2.4 10.4 0.00 2.4 17.0 13:54 WNW 27 76.1 98.0 14:10 57.4 06:12 1.4 12.5 0.00 3.1 25.0 16:15 W 28 77.0 97.1 12:58 58.4 06:33 0.9 12.9 0.00 3.3 24.0 15:03 W 29 74.2 95.9 14:25 54.4 06:19 2.2 11.4 0.00 1.7 15.0 15:12 WNW 30 72.6 96.1 14:14 52.9 06:31 3.0 10.6 0.00 2.9 20.0 16:00 WNW ---------------------------------------------------------------------------------- 74.6 109.0 7 46.2 2 69.9 356.4 0.00 2.9 30.0 10 W Max >= 80.0: 30 Max <= 32.0: 0 Min <= 32.0: 0 Min <= 0.0: 0 Max Rain: 0.00 on day 0 Days of Rain: 0 (>= 0.01 in) 0 (>= 0.10 in) 0 (>= 1.00 in) Heat Base: 65.0 Cool Base: 65.0 Method: Integration