NOAA-Style Climate Reports
Select a Year or Month report
2024: Jan Feb Mar Apr May Jun Jul Aug Sep Oct Nov Dec
2023: Jan Feb Mar Apr May Jun Jul Aug Sep Oct Nov Dec
2022: Jan Feb Mar Apr May Jun Jul Aug Sep Oct Nov Dec
2021: Jan Feb Mar Apr May Jun Jul Aug Sep Oct Nov Dec
2020: Jan Feb Mar Apr May Jun Jul Aug Sep Oct Nov Dec
2019: Jan Feb Mar Apr May Jun Jul Aug Sep Oct Nov Dec
2018: Jan Feb Mar Apr May Jun Jul Aug Sep Oct Nov Dec
2017: Jan Feb Mar Apr May Jun Jul Aug Sep Oct Nov Dec
2016: Jan Feb Mar Apr May Jun Jul Aug Sep Oct Nov Dec
2015: Jan Feb Mar Apr May Jun Jul Aug Sep Oct Nov Dec
2014: Jan Feb Mar Apr May Jun Jul Aug Sep Oct Nov Dec
2013: Jan Feb Mar Apr May Jun Jul Aug Sep Oct Nov Dec
2012: Jan Feb Mar Apr May Jun Jul Aug Sep Oct Nov Dec
2011: Jan Feb Mar Apr May Jun Jul Aug Sep Oct Nov Dec
2010: Jan Feb Mar Apr May Jun Jul Aug Sep Oct Nov Dec
2009: Jan Feb Mar Apr May Jun Jul Aug Sep Oct Nov Dec
2008: Jan Feb Mar Apr May Jun Jul Aug Sep Oct Nov Dec
2007: Jan Feb Mar Apr May Jun Jul Aug Sep Oct Nov Dec
2006: Jan Feb Mar Apr May Jun Jul Aug Sep Oct Nov Dec
2024: Jan Feb Mar Apr May Jun Jul Aug Sep Oct Nov Dec
2023: Jan Feb Mar Apr May Jun Jul Aug Sep Oct Nov Dec
2022: Jan Feb Mar Apr May Jun Jul Aug Sep Oct Nov Dec
2021: Jan Feb Mar Apr May Jun Jul Aug Sep Oct Nov Dec
2020: Jan Feb Mar Apr May Jun Jul Aug Sep Oct Nov Dec
2019: Jan Feb Mar Apr May Jun Jul Aug Sep Oct Nov Dec
2018: Jan Feb Mar Apr May Jun Jul Aug Sep Oct Nov Dec
2017: Jan Feb Mar Apr May Jun Jul Aug Sep Oct Nov Dec
2016: Jan Feb Mar Apr May Jun Jul Aug Sep Oct Nov Dec
2015: Jan Feb Mar Apr May Jun Jul Aug Sep Oct Nov Dec
2014: Jan Feb Mar Apr May Jun Jul Aug Sep Oct Nov Dec
2013: Jan Feb Mar Apr May Jun Jul Aug Sep Oct Nov Dec
2012: Jan Feb Mar Apr May Jun Jul Aug Sep Oct Nov Dec
2011: Jan Feb Mar Apr May Jun Jul Aug Sep Oct Nov Dec
2010: Jan Feb Mar Apr May Jun Jul Aug Sep Oct Nov Dec
2009: Jan Feb Mar Apr May Jun Jul Aug Sep Oct Nov Dec
2008: Jan Feb Mar Apr May Jun Jul Aug Sep Oct Nov Dec
2007: Jan Feb Mar Apr May Jun Jul Aug Sep Oct Nov Dec
2006: Jan Feb Mar Apr May Jun Jul Aug Sep Oct Nov Dec
Report for 2022 August
Monthly Climatological Summary for Aug 2022 Name: Ponywagon Weather City: Atascadero State: California Elevation: 1000 ft Lat: N 35° 26' 02" Lon: W 120° 37' 55" Temperature (°F), Rain (in), Wind Speed (mph) Heat Cool Avg Mean Deg Deg Wind Dom Day Temp High Time Low Time Days Days Rain Speed High Time Dir ---------------------------------------------------------------------------------- 1 79.2 96.9 14:24 67.6 06:05 0.0 14.2 0.00 2.4 16.0 14:35 WSW 2 77.4 94.7 14:58 65.3 03:34 0.0 12.5 0.00 2.5 16.0 15:18 WNW 3 77.1 100.7 14:22 60.2 06:31 0.8 12.9 0.00 3.1 26.0 15:27 WNW 4 75.6 93.0 13:13 64.3 06:14 0.0 10.6 0.00 3.0 19.0 17:42 W 5 71.1 87.8 12:53 58.0 23:59 1.4 7.5 0.00 2.8 19.0 13:06 WSW 6 66.9 84.2 13:12 52.4 04:24 3.9 5.8 0.00 3.0 18.0 15:59 WNW 7 71.1 92.9 14:20 53.0 06:25 3.4 9.5 0.00 3.1 20.0 17:00 WNW 8 72.8 93.9 14:01 56.4 06:18 2.1 9.9 0.00 2.8 19.0 15:55 WNW 9 71.8 90.2 16:03 56.4 06:33 2.0 8.8 0.00 2.9 23.0 16:34 WNW 10 70.4 92.8 13:41 52.8 06:40 3.3 8.7 0.00 2.7 19.0 15:31 WNW 11 70.7 94.3 13:41 51.0 06:45 3.8 9.5 0.00 3.1 20.0 15:17 WNW 12 74.2 97.6 15:08 53.5 05:58 2.6 11.8 0.00 3.2 20.0 16:06 WNW 13 76.7 100.3 15:08 56.7 05:19 1.6 13.3 0.00 3.0 19.0 16:52 WNW 14 73.5 97.8 14:14 52.4 06:57 2.6 11.0 0.00 3.0 21.0 16:17 WNW 15 74.7 101.0 14:04 52.1 06:55 2.6 12.3 0.00 3.1 26.0 16:20 WNW 16 76.5 102.8 13:02 54.2 06:11 2.4 13.8 0.00 2.6 15.0 13:32 SW 17 77.2 100.4 13:47 59.5 07:08 0.9 12.6 0.00 2.3 16.0 16:27 WNW 18 75.6 99.6 13:09 54.5 06:39 2.0 12.6 0.00 3.2 23.0 15:24 WNW 19 78.6 105.0 15:21 55.1 06:49 1.8 15.4 0.00 3.0 22.0 17:23 WNW 20 72.2 92.8 14:31 52.9 06:54 2.3 9.5 0.00 3.5 18.0 18:25 SSE 21 67.3 82.7 15:51 52.4 05:40 3.7 6.0 0.00 3.1 19.0 13:21 S 22 74.2 101.8 15:49 49.1 06:31 4.5 13.8 0.00 2.9 19.0 15:56 NW 23 78.0 102.3 15:25 59.8 07:01 0.7 13.7 0.00 3.2 19.0 16:56 WNW 24 73.4 92.9 13:43 55.8 05:38 2.0 10.4 0.00 3.8 24.0 14:57 S 25 72.2 92.6 14:09 53.7 06:31 2.8 10.0 0.00 2.1 16.0 15:32 SSW 26 72.7 95.1 13:44 52.8 06:45 2.9 10.6 0.00 2.3 16.0 14:38 WNW 27 68.2 87.4 13:15 52.1 06:36 3.5 6.8 0.00 3.1 18.0 14:49 S 28 64.1 78.7 14:17 50.4 06:23 5.0 4.0 0.00 2.2 20.0 15:19 SW 29 65.4 85.7 13:27 47.8 06:53 5.8 6.2 0.00 2.5 17.0 13:36 S 30 69.2 95.6 14:47 47.9 06:36 5.1 9.2 0.00 2.2 17.0 15:41 WNW 31 75.7 105.5 15:26 51.3 06:15 3.4 14.2 0.00 2.0 19.0 17:39 NW ---------------------------------------------------------------------------------- 73.0 105.5 31 47.8 29 78.9 327.1 0.00 2.8 26.0 3 W Max >= 80.0: 30 Max <= 32.0: 0 Min <= 32.0: 0 Min <= 0.0: 0 Max Rain: 0.00 on day 0 Days of Rain: 0 (>= 0.01 in) 0 (>= 0.10 in) 0 (>= 1.00 in) Heat Base: 65.0 Cool Base: 65.0 Method: Integration