NOAA-Style Climate Reports
Select a Year or Month report
2024: Jan Feb Mar Apr May Jun Jul Aug Sep Oct Nov Dec
2023: Jan Feb Mar Apr May Jun Jul Aug Sep Oct Nov Dec
2022: Jan Feb Mar Apr May Jun Jul Aug Sep Oct Nov Dec
2021: Jan Feb Mar Apr May Jun Jul Aug Sep Oct Nov Dec
2020: Jan Feb Mar Apr May Jun Jul Aug Sep Oct Nov Dec
2019: Jan Feb Mar Apr May Jun Jul Aug Sep Oct Nov Dec
2018: Jan Feb Mar Apr May Jun Jul Aug Sep Oct Nov Dec
2017: Jan Feb Mar Apr May Jun Jul Aug Sep Oct Nov Dec
2016: Jan Feb Mar Apr May Jun Jul Aug Sep Oct Nov Dec
2015: Jan Feb Mar Apr May Jun Jul Aug Sep Oct Nov Dec
2014: Jan Feb Mar Apr May Jun Jul Aug Sep Oct Nov Dec
2013: Jan Feb Mar Apr May Jun Jul Aug Sep Oct Nov Dec
2012: Jan Feb Mar Apr May Jun Jul Aug Sep Oct Nov Dec
2011: Jan Feb Mar Apr May Jun Jul Aug Sep Oct Nov Dec
2010: Jan Feb Mar Apr May Jun Jul Aug Sep Oct Nov Dec
2009: Jan Feb Mar Apr May Jun Jul Aug Sep Oct Nov Dec
2008: Jan Feb Mar Apr May Jun Jul Aug Sep Oct Nov Dec
2007: Jan Feb Mar Apr May Jun Jul Aug Sep Oct Nov Dec
2006: Jan Feb Mar Apr May Jun Jul Aug Sep Oct Nov Dec
2024: Jan Feb Mar Apr May Jun Jul Aug Sep Oct Nov Dec
2023: Jan Feb Mar Apr May Jun Jul Aug Sep Oct Nov Dec
2022: Jan Feb Mar Apr May Jun Jul Aug Sep Oct Nov Dec
2021: Jan Feb Mar Apr May Jun Jul Aug Sep Oct Nov Dec
2020: Jan Feb Mar Apr May Jun Jul Aug Sep Oct Nov Dec
2019: Jan Feb Mar Apr May Jun Jul Aug Sep Oct Nov Dec
2018: Jan Feb Mar Apr May Jun Jul Aug Sep Oct Nov Dec
2017: Jan Feb Mar Apr May Jun Jul Aug Sep Oct Nov Dec
2016: Jan Feb Mar Apr May Jun Jul Aug Sep Oct Nov Dec
2015: Jan Feb Mar Apr May Jun Jul Aug Sep Oct Nov Dec
2014: Jan Feb Mar Apr May Jun Jul Aug Sep Oct Nov Dec
2013: Jan Feb Mar Apr May Jun Jul Aug Sep Oct Nov Dec
2012: Jan Feb Mar Apr May Jun Jul Aug Sep Oct Nov Dec
2011: Jan Feb Mar Apr May Jun Jul Aug Sep Oct Nov Dec
2010: Jan Feb Mar Apr May Jun Jul Aug Sep Oct Nov Dec
2009: Jan Feb Mar Apr May Jun Jul Aug Sep Oct Nov Dec
2008: Jan Feb Mar Apr May Jun Jul Aug Sep Oct Nov Dec
2007: Jan Feb Mar Apr May Jun Jul Aug Sep Oct Nov Dec
2006: Jan Feb Mar Apr May Jun Jul Aug Sep Oct Nov Dec
Report for 2020 September
Monthly Climatological Summary for Sep 2020 Name: Ponywagon Weather City: Atascadero State: California Elevation: 999 ft Lat: N 35° 26' 00" Lon: W 120° 37' 53" Temperature (°F), Rain (in), Wind Speed (mph) Heat Cool Avg Mean Deg Deg Wind Dom Day Temp High Time Low Time Days Days Rain Speed High Time Dir ---------------------------------------------------------------------------------- 1 63.0 77.9 13:53 48.3 06:59 5.8 3.9 0.00 2.1 14.0 14:12 WNW 2 65.5 88.6 13:48 48.4 05:09 5.7 6.3 0.00 1.8 13.0 17:27 NW 3 72.3 100.4 14:59 51.2 07:06 3.8 11.1 0.00 2.6 16.0 15:20 NW 4 77.3 104.0 15:51 52.6 07:00 2.4 14.9 0.00 2.0 15.0 15:01 NW 5 82.7 109.6 14:58 58.6 06:49 0.9 18.5 0.00 2.0 15.0 15:30 NW 6 87.5 114.0 16:12 62.7 06:46 0.2 22.7 0.00 1.5 17.0 14:26 N 7 85.0 110.1 16:19 62.3 06:57 0.2 20.2 0.00 1.7 15.0 16:34 NW 8 75.0 95.9 13:08 59.7 07:09 0.7 10.7 0.00 1.2 11.0 14:42 NNW 9 64.9 80.0 14:12 55.5 07:18 3.7 3.6 0.00 1.6 18.0 16:47 S 10 59.8 72.9 16:57 50.9 07:15 6.7 1.5 0.00 0.1 5.0 15:24 SSW 11 59.7 82.2 15:55 44.7 05:55 8.8 3.5 0.00 0.4 5.0 13:28 NNW 12 64.8 95.1 15:51 42.6 07:15 7.9 7.7 0.00 0.8 14.0 16:08 SW 13 65.5 92.5 14:55 45.1 06:18 6.7 7.2 0.00 1.4 22.0 15:25 SSW 15 66.3 91.6 13:35 46.2 06:59 6.5 7.8 0.00 1.5 17.0 13:50 S 16 66.1 96.6 14:29 42.4 06:22 7.3 8.5 0.00 2.0 17.0 14:40 W 17 67.9 91.0 14:10 48.4 06:51 5.0 7.9 0.00 1.8 14.0 16:45 WNW 18 71.1 90.4 14:26 54.3 23:59 1.3 7.3 0.00 2.8 16.0 14:50 WNW 19 67.0 88.1 16:25 48.5 06:11 5.3 7.3 0.00 2.3 15.0 15:06 N 20 68.2 91.3 14:32 48.0 06:47 4.3 7.5 0.00 2.6 16.0 15:27 NW 21 67.5 89.4 14:59 48.3 06:21 5.2 7.6 0.00 1.8 16.0 14:11 W 22 66.9 92.4 14:54 47.1 06:33 5.7 7.6 0.00 1.9 17.0 15:17 NW 23 70.3 94.7 16:08 48.0 07:08 4.5 9.8 0.00 2.3 16.0 14:33 NW 24 72.4 92.1 16:51 54.8 05:29 2.5 9.9 0.00 3.2 16.0 20:58 NNW 25 70.2 89.3 16:02 53.9 07:00 2.3 7.5 0.00 2.7 13.0 10:15 NNW 26 71.4 92.4 16:08 51.9 06:43 3.4 9.8 0.00 2.1 17.0 15:17 NNW 27 74.2 96.0 15:42 52.4 07:29 2.3 11.5 0.00 1.2 12.0 11:16 N 28 75.0 103.8 14:40 54.4 07:21 2.4 12.3 0.00 1.6 16.0 15:05 NW 29 74.6 102.6 15:14 52.9 05:58 3.0 12.6 0.00 1.6 16.0 16:01 NW 30 76.0 103.4 15:04 52.0 07:06 3.1 14.1 0.00 1.5 17.0 14:41 ENE ---------------------------------------------------------------------------------- 70.6 114.0 6 42.4 16 117.6 280.8 0.00 1.7 22.0 13 NW Max >= 80.0: 27 Max <= 32.0: 0 Min <= 32.0: 0 Min <= 0.0: 0 Max Rain: 0.00 on day 0 Days of Rain: 0 (>= 0.01 in) 0 (>= 0.10 in) 0 (>= 1.00 in) Heat Base: 65.0 Cool Base: 65.0 Method: Integration