NOAA-Style Climate Reports
Select a Year or Month report
2024: Jan Feb Mar Apr May Jun Jul Aug Sep Oct Nov Dec
2023: Jan Feb Mar Apr May Jun Jul Aug Sep Oct Nov Dec
2022: Jan Feb Mar Apr May Jun Jul Aug Sep Oct Nov Dec
2021: Jan Feb Mar Apr May Jun Jul Aug Sep Oct Nov Dec
2020: Jan Feb Mar Apr May Jun Jul Aug Sep Oct Nov Dec
2019: Jan Feb Mar Apr May Jun Jul Aug Sep Oct Nov Dec
2018: Jan Feb Mar Apr May Jun Jul Aug Sep Oct Nov Dec
2017: Jan Feb Mar Apr May Jun Jul Aug Sep Oct Nov Dec
2016: Jan Feb Mar Apr May Jun Jul Aug Sep Oct Nov Dec
2015: Jan Feb Mar Apr May Jun Jul Aug Sep Oct Nov Dec
2014: Jan Feb Mar Apr May Jun Jul Aug Sep Oct Nov Dec
2013: Jan Feb Mar Apr May Jun Jul Aug Sep Oct Nov Dec
2012: Jan Feb Mar Apr May Jun Jul Aug Sep Oct Nov Dec
2011: Jan Feb Mar Apr May Jun Jul Aug Sep Oct Nov Dec
2010: Jan Feb Mar Apr May Jun Jul Aug Sep Oct Nov Dec
2009: Jan Feb Mar Apr May Jun Jul Aug Sep Oct Nov Dec
2008: Jan Feb Mar Apr May Jun Jul Aug Sep Oct Nov Dec
2007: Jan Feb Mar Apr May Jun Jul Aug Sep Oct Nov Dec
2006: Jan Feb Mar Apr May Jun Jul Aug Sep Oct Nov Dec
2024: Jan Feb Mar Apr May Jun Jul Aug Sep Oct Nov Dec
2023: Jan Feb Mar Apr May Jun Jul Aug Sep Oct Nov Dec
2022: Jan Feb Mar Apr May Jun Jul Aug Sep Oct Nov Dec
2021: Jan Feb Mar Apr May Jun Jul Aug Sep Oct Nov Dec
2020: Jan Feb Mar Apr May Jun Jul Aug Sep Oct Nov Dec
2019: Jan Feb Mar Apr May Jun Jul Aug Sep Oct Nov Dec
2018: Jan Feb Mar Apr May Jun Jul Aug Sep Oct Nov Dec
2017: Jan Feb Mar Apr May Jun Jul Aug Sep Oct Nov Dec
2016: Jan Feb Mar Apr May Jun Jul Aug Sep Oct Nov Dec
2015: Jan Feb Mar Apr May Jun Jul Aug Sep Oct Nov Dec
2014: Jan Feb Mar Apr May Jun Jul Aug Sep Oct Nov Dec
2013: Jan Feb Mar Apr May Jun Jul Aug Sep Oct Nov Dec
2012: Jan Feb Mar Apr May Jun Jul Aug Sep Oct Nov Dec
2011: Jan Feb Mar Apr May Jun Jul Aug Sep Oct Nov Dec
2010: Jan Feb Mar Apr May Jun Jul Aug Sep Oct Nov Dec
2009: Jan Feb Mar Apr May Jun Jul Aug Sep Oct Nov Dec
2008: Jan Feb Mar Apr May Jun Jul Aug Sep Oct Nov Dec
2007: Jan Feb Mar Apr May Jun Jul Aug Sep Oct Nov Dec
2006: Jan Feb Mar Apr May Jun Jul Aug Sep Oct Nov Dec
Report for 2018 November
Monthly Climatological Summary for Nov 2018 Name: Ponywagon Weather City: Atascadero State: California Elevation: 999 ft Lat: N 35° 26' 00" Lon: W 120° 37' 53" Temperature (°F), Rain (in), Wind Speed (mph) Heat Cool Avg Mean Deg Deg Wind Dom Day Temp High Time Low Time Days Days Rain Speed High Time Dir ---------------------------------------------------------------------------------- 1 60.9 81.6 15:00 43.4 06:31 8.4 4.2 0.00 2.0 18.0 10:14 NE 2 60.2 85.9 15:39 38.9 07:45 10.0 5.2 0.00 1.7 14.0 14:45 NW 3 61.3 83.0 14:36 42.2 07:10 8.3 4.7 0.00 1.7 14.0 16:39 NE 4 61.7 86.8 14:00 45.6 06:53 8.9 5.5 0.00 1.6 12.0 15:14 NW 5 59.1 80.0 12:02 39.4 06:42 9.6 3.7 0.00 2.0 19.0 12:15 NNE 6 55.7 80.2 14:11 35.4 06:51 12.5 3.2 0.00 1.5 11.0 13:22 NNW 7 54.7 81.6 15:08 32.5 06:50 13.8 3.5 0.00 1.4 13.0 12:36 NW 8 52.5 72.8 13:50 32.1 06:48 14.0 1.5 0.00 1.6 13.0 11:35 NE 9 55.5 78.5 13:57 36.7 23:58 11.9 2.5 0.00 2.7 18.0 13:00 NW 10 45.2 70.1 15:21 26.6 05:55 20.2 0.4 0.00 0.8 8.0 11:20 NW 11 45.6 72.1 15:07 26.3 06:51 20.3 0.9 0.00 1.0 10.0 13:46 WNW 12 46.1 73.9 14:51 25.2 06:27 19.9 1.0 0.00 1.5 14.0 15:10 WNW 13 49.6 73.3 15:22 28.8 05:37 16.5 1.1 0.00 1.2 11.0 13:17 NW 14 51.4 76.3 13:48 29.4 06:44 15.8 2.2 0.00 1.2 13.0 11:26 N 15 49.3 79.1 15:15 29.8 05:03 17.7 2.0 0.00 0.6 8.0 15:30 WNW 16 49.8 75.0 13:35 34.6 02:33 16.6 1.5 0.00 1.4 15.0 13:24 SSE 17 48.8 69.7 12:35 29.2 06:54 16.6 0.4 0.00 1.4 16.0 12:22 SSE 18 51.6 71.9 12:55 40.4 23:15 14.2 0.8 0.00 1.2 14.0 12:59 SSE 19 47.2 67.2 15:17 35.7 06:01 17.9 0.1 0.00 0.3 7.0 12:38 NW 20 49.0 70.4 12:24 31.7 06:08 16.6 0.7 0.00 1.9 21.0 12:40 SSE 21 54.1 64.6 11:26 39.1 01:43 10.9 0.0 0.21 5.3 33.0 19:25 SSE 22 53.8 63.0 13:35 42.9 23:37 11.2 0.0 0.12 2.3 15.0 11:26 WSW 23 52.3 60.9 15:02 39.3 02:31 12.7 0.0 0.00 2.6 14.0 12:59 S 24 57.2 67.3 15:41 47.9 04:15 8.0 0.2 0.01 2.4 17.0 11:20 NW 25 56.6 69.0 14:49 47.3 23:30 8.9 0.4 0.00 2.9 12.0 11:28 NW 26 52.8 71.0 15:45 41.1 04:09 12.8 0.6 0.00 0.7 8.0 13:43 WNW 27 52.0 66.1 11:48 40.7 06:55 13.0 0.0 0.00 1.5 16.0 12:50 WSW 28 53.5 57.9 13:18 44.8 00:43 11.5 0.0 1.14 3.9 30.0 23:22 SE 29 54.5 58.8 02:02 50.1 23:59 10.5 0.0 1.74 9.9 37.0 12:26 SW 30 49.0 59.9 13:50 41.1 07:19 16.0 0.0 0.01 2.0 18.0 13:06 NW ---------------------------------------------------------------------------------- 53.0 86.8 4 25.2 12 405.2 46.3 3.23 2.1 37.0 29 W Max >= 80.0: 7 Max <= 32.0: 0 Min <= 32.0: 8 Min <= 0.0: 0 Max Rain: 1.74 on day 29 Days of Rain: 6 (>= 0.01 in) 4 (>= 0.10 in) 2 (>= 1.00 in) Heat Base: 65.0 Cool Base: 65.0 Method: Integration