NOAA-Style Climate Reports
Select a Year or Month report
2024: Jan Feb Mar Apr May Jun Jul Aug Sep Oct Nov Dec
2023: Jan Feb Mar Apr May Jun Jul Aug Sep Oct Nov Dec
2022: Jan Feb Mar Apr May Jun Jul Aug Sep Oct Nov Dec
2021: Jan Feb Mar Apr May Jun Jul Aug Sep Oct Nov Dec
2020: Jan Feb Mar Apr May Jun Jul Aug Sep Oct Nov Dec
2019: Jan Feb Mar Apr May Jun Jul Aug Sep Oct Nov Dec
2018: Jan Feb Mar Apr May Jun Jul Aug Sep Oct Nov Dec
2017: Jan Feb Mar Apr May Jun Jul Aug Sep Oct Nov Dec
2016: Jan Feb Mar Apr May Jun Jul Aug Sep Oct Nov Dec
2015: Jan Feb Mar Apr May Jun Jul Aug Sep Oct Nov Dec
2014: Jan Feb Mar Apr May Jun Jul Aug Sep Oct Nov Dec
2013: Jan Feb Mar Apr May Jun Jul Aug Sep Oct Nov Dec
2012: Jan Feb Mar Apr May Jun Jul Aug Sep Oct Nov Dec
2011: Jan Feb Mar Apr May Jun Jul Aug Sep Oct Nov Dec
2010: Jan Feb Mar Apr May Jun Jul Aug Sep Oct Nov Dec
2009: Jan Feb Mar Apr May Jun Jul Aug Sep Oct Nov Dec
2008: Jan Feb Mar Apr May Jun Jul Aug Sep Oct Nov Dec
2007: Jan Feb Mar Apr May Jun Jul Aug Sep Oct Nov Dec
2006: Jan Feb Mar Apr May Jun Jul Aug Sep Oct Nov Dec
2024: Jan Feb Mar Apr May Jun Jul Aug Sep Oct Nov Dec
2023: Jan Feb Mar Apr May Jun Jul Aug Sep Oct Nov Dec
2022: Jan Feb Mar Apr May Jun Jul Aug Sep Oct Nov Dec
2021: Jan Feb Mar Apr May Jun Jul Aug Sep Oct Nov Dec
2020: Jan Feb Mar Apr May Jun Jul Aug Sep Oct Nov Dec
2019: Jan Feb Mar Apr May Jun Jul Aug Sep Oct Nov Dec
2018: Jan Feb Mar Apr May Jun Jul Aug Sep Oct Nov Dec
2017: Jan Feb Mar Apr May Jun Jul Aug Sep Oct Nov Dec
2016: Jan Feb Mar Apr May Jun Jul Aug Sep Oct Nov Dec
2015: Jan Feb Mar Apr May Jun Jul Aug Sep Oct Nov Dec
2014: Jan Feb Mar Apr May Jun Jul Aug Sep Oct Nov Dec
2013: Jan Feb Mar Apr May Jun Jul Aug Sep Oct Nov Dec
2012: Jan Feb Mar Apr May Jun Jul Aug Sep Oct Nov Dec
2011: Jan Feb Mar Apr May Jun Jul Aug Sep Oct Nov Dec
2010: Jan Feb Mar Apr May Jun Jul Aug Sep Oct Nov Dec
2009: Jan Feb Mar Apr May Jun Jul Aug Sep Oct Nov Dec
2008: Jan Feb Mar Apr May Jun Jul Aug Sep Oct Nov Dec
2007: Jan Feb Mar Apr May Jun Jul Aug Sep Oct Nov Dec
2006: Jan Feb Mar Apr May Jun Jul Aug Sep Oct Nov Dec
Report for 2017 August
Monthly Climatological Summary for Aug 2017 Name: Ponywagon Weather City: Atascadero State: California Elevation: 999 ft Lat: N 35° 26' 00" Lon: W 120° 37' 53" Temperature (°F), Rain (in), Wind Speed (mph) Heat Cool Avg Mean Deg Deg Wind Dom Day Temp High Time Low Time Days Days Rain Speed High Time Dir ---------------------------------------------------------------------------------- 1 81.6 106.6 14:44 56.7 06:31 1.4 18.1 0.00 1.4 14.0 16:09 WNW 2 82.4 94.2 18:22 72.5 06:09 0.0 17.4 0.00 1.3 13.0 10:39 NNW 3 80.7 91.7 12:02 70.5 06:29 0.0 15.7 0.00 1.0 8.0 12:45 NNW 4 78.8 95.0 12:24 63.4 07:00 0.1 13.9 0.00 2.6 19.0 14:59 W 5 75.1 94.2 13:38 60.6 06:13 0.6 10.7 0.00 3.0 19.0 15:28 W 6 71.2 89.7 12:31 56.5 06:29 2.1 8.3 0.00 3.0 19.0 14:41 WNW 7 69.1 89.4 13:20 52.6 06:07 3.7 7.8 0.00 2.7 16.0 15:55 WNW 8 69.5 90.5 12:57 52.7 06:32 3.6 8.1 0.00 2.8 16.0 15:34 WNW 9 71.1 94.1 14:00 53.0 05:47 3.3 9.5 0.00 2.8 23.0 15:56 W 10 70.6 93.7 14:41 52.8 06:51 3.2 8.9 0.00 2.7 17.0 15:46 WNW 11 73.8 98.0 14:10 52.4 06:21 3.3 12.1 0.00 2.8 24.0 16:15 W 12 74.2 96.6 14:18 53.5 06:50 2.5 11.7 0.00 2.9 22.0 15:27 W 13 70.5 91.0 13:35 51.0 06:51 3.7 9.1 0.00 2.6 18.0 15:52 W 14 63.2 81.2 11:55 49.7 06:47 5.4 3.6 0.00 2.7 20.0 14:28 W 15 60.4 68.3 12:12 53.3 23:55 5.1 0.5 0.00 4.3 18.0 13:56 WSW 16 62.5 78.5 13:59 47.9 06:14 6.1 3.6 0.00 2.4 15.0 15:01 W 17 67.5 86.0 12:22 50.6 06:28 4.3 6.8 0.00 2.1 15.0 15:45 W 18 69.6 88.2 12:44 54.5 06:42 2.8 7.5 0.00 2.1 17.0 14:42 WNW 19 67.7 84.9 13:45 54.8 06:57 3.1 5.8 0.00 3.5 20.0 15:55 SSE 20 64.3 77.0 15:02 53.1 04:32 3.9 3.2 0.00 2.7 17.0 13:51 S 21 64.8 78.7 14:42 54.6 04:27 3.5 3.3 0.00 2.5 19.0 15:47 W 22 69.0 93.1 14:26 51.9 06:32 3.9 7.9 0.00 1.7 15.0 15:12 W 23 66.3 82.9 15:34 52.9 06:55 4.2 5.5 0.00 2.3 18.0 16:13 WNW 24 70.7 94.9 15:26 51.7 05:33 3.9 9.7 0.00 1.8 17.0 16:13 WNW 25 74.9 102.4 14:52 54.7 06:51 2.1 12.0 0.00 2.6 19.0 16:07 WNW 26 76.6 99.8 13:25 53.9 06:50 2.0 13.5 0.00 1.8 17.0 15:58 W 27 79.4 107.3 14:55 57.0 05:54 1.3 15.8 0.00 2.0 19.0 17:04 WNW 28 80.9 108.2 14:51 58.6 06:52 0.9 16.7 0.00 1.6 17.0 15:41 W 29 80.6 106.2 13:52 58.8 06:52 1.0 16.6 0.00 2.1 17.0 15:32 WNW 30 81.2 105.7 16:01 60.2 06:46 0.4 16.7 0.00 2.8 13.0 13:43 NW 31 81.6 105.9 15:09 58.9 06:21 0.7 17.3 0.00 2.3 15.0 15:43 W ---------------------------------------------------------------------------------- 72.6 108.2 28 47.9 16 82.1 317.3 0.00 2.4 24.0 11 W Max >= 80.0: 27 Max <= 32.0: 0 Min <= 32.0: 0 Min <= 0.0: 0 Max Rain: 0.00 on day 0 Days of Rain: 0 (>= 0.01 in) 0 (>= 0.10 in) 0 (>= 1.00 in) Heat Base: 65.0 Cool Base: 65.0 Method: Integration