NOAA-Style Climate Reports
Select a Year or Month report
2024: Jan Feb Mar Apr May Jun Jul Aug Sep Oct Nov Dec
2023: Jan Feb Mar Apr May Jun Jul Aug Sep Oct Nov Dec
2022: Jan Feb Mar Apr May Jun Jul Aug Sep Oct Nov Dec
2021: Jan Feb Mar Apr May Jun Jul Aug Sep Oct Nov Dec
2020: Jan Feb Mar Apr May Jun Jul Aug Sep Oct Nov Dec
2019: Jan Feb Mar Apr May Jun Jul Aug Sep Oct Nov Dec
2018: Jan Feb Mar Apr May Jun Jul Aug Sep Oct Nov Dec
2017: Jan Feb Mar Apr May Jun Jul Aug Sep Oct Nov Dec
2016: Jan Feb Mar Apr May Jun Jul Aug Sep Oct Nov Dec
2015: Jan Feb Mar Apr May Jun Jul Aug Sep Oct Nov Dec
2014: Jan Feb Mar Apr May Jun Jul Aug Sep Oct Nov Dec
2013: Jan Feb Mar Apr May Jun Jul Aug Sep Oct Nov Dec
2012: Jan Feb Mar Apr May Jun Jul Aug Sep Oct Nov Dec
2011: Jan Feb Mar Apr May Jun Jul Aug Sep Oct Nov Dec
2010: Jan Feb Mar Apr May Jun Jul Aug Sep Oct Nov Dec
2009: Jan Feb Mar Apr May Jun Jul Aug Sep Oct Nov Dec
2008: Jan Feb Mar Apr May Jun Jul Aug Sep Oct Nov Dec
2007: Jan Feb Mar Apr May Jun Jul Aug Sep Oct Nov Dec
2006: Jan Feb Mar Apr May Jun Jul Aug Sep Oct Nov Dec
2024: Jan Feb Mar Apr May Jun Jul Aug Sep Oct Nov Dec
2023: Jan Feb Mar Apr May Jun Jul Aug Sep Oct Nov Dec
2022: Jan Feb Mar Apr May Jun Jul Aug Sep Oct Nov Dec
2021: Jan Feb Mar Apr May Jun Jul Aug Sep Oct Nov Dec
2020: Jan Feb Mar Apr May Jun Jul Aug Sep Oct Nov Dec
2019: Jan Feb Mar Apr May Jun Jul Aug Sep Oct Nov Dec
2018: Jan Feb Mar Apr May Jun Jul Aug Sep Oct Nov Dec
2017: Jan Feb Mar Apr May Jun Jul Aug Sep Oct Nov Dec
2016: Jan Feb Mar Apr May Jun Jul Aug Sep Oct Nov Dec
2015: Jan Feb Mar Apr May Jun Jul Aug Sep Oct Nov Dec
2014: Jan Feb Mar Apr May Jun Jul Aug Sep Oct Nov Dec
2013: Jan Feb Mar Apr May Jun Jul Aug Sep Oct Nov Dec
2012: Jan Feb Mar Apr May Jun Jul Aug Sep Oct Nov Dec
2011: Jan Feb Mar Apr May Jun Jul Aug Sep Oct Nov Dec
2010: Jan Feb Mar Apr May Jun Jul Aug Sep Oct Nov Dec
2009: Jan Feb Mar Apr May Jun Jul Aug Sep Oct Nov Dec
2008: Jan Feb Mar Apr May Jun Jul Aug Sep Oct Nov Dec
2007: Jan Feb Mar Apr May Jun Jul Aug Sep Oct Nov Dec
2006: Jan Feb Mar Apr May Jun Jul Aug Sep Oct Nov Dec
Report for 2017 June
Monthly Climatological Summary for Jun 2017 Name: Ponywagon Weather City: Atascadero State: California Elevation: 999 ft Lat: N 35° 26' 00" Lon: W 120° 37' 53" Temperature (°F), Rain (in), Wind Speed (mph) Heat Cool Avg Mean Deg Deg Wind Dom Day Temp High Time Low Time Days Days Rain Speed High Time Dir ---------------------------------------------------------------------------------- 1 67.2 82.7 14:26 50.9 06:02 3.5 5.7 0.00 4.1 24.0 16:06 WNW 2 70.8 93.2 15:33 50.2 06:12 3.5 9.3 0.00 3.1 19.0 18:08 NW 3 70.9 91.4 13:19 53.3 06:26 2.8 8.7 0.00 2.8 19.0 15:58 W 4 74.5 90.9 14:33 49.4 05:56 4.0 13.5 0.00 3.3 15.0 13:14 NNW 5 84.0 90.9 00:00 53.7 23:56 0.7 19.7 0.00 5.0 19.0 17:20 NW 6 65.4 90.1 13:17 46.3 06:05 6.1 6.5 0.00 2.5 20.0 14:26 W 7 61.1 79.7 12:19 44.9 06:09 7.2 3.3 0.00 3.2 19.0 13:07 SW 8 61.8 76.9 13:47 44.3 05:45 6.9 3.7 0.00 3.7 22.0 17:14 W 9 62.9 73.1 13:46 50.7 23:59 4.0 2.0 0.00 3.5 18.0 12:48 WSW 10 59.8 75.2 14:34 45.0 06:02 7.4 2.2 0.00 4.2 23.0 17:59 WNW 11 55.8 67.5 14:08 42.5 06:03 9.3 0.2 0.00 4.0 24.0 17:02 W 12 57.9 74.2 16:17 40.9 06:11 8.4 1.3 0.00 4.3 23.0 17:40 NW 13 64.1 84.2 15:36 44.6 05:50 6.3 5.4 0.00 3.5 17.0 11:37 NW 14 71.6 93.7 16:44 50.2 04:00 3.9 10.6 0.00 3.1 15.0 11:46 NW 15 74.6 94.9 15:30 51.3 06:00 2.6 12.2 0.00 3.8 18.0 15:14 NW 16 78.7 99.2 16:19 55.9 05:50 1.2 15.0 0.00 3.6 16.0 14:42 NW 17 82.5 101.9 15:20 65.5 06:21 0.0 17.5 0.00 3.1 20.0 16:37 WNW 18 79.5 99.9 12:29 60.5 06:25 0.3 14.9 0.00 3.1 21.0 14:56 W 19 79.1 98.9 13:45 60.9 05:04 0.6 14.7 0.00 3.0 18.0 14:07 W 20 79.9 100.0 12:57 61.2 05:51 0.5 15.3 0.00 3.0 19.0 15:07 WNW 21 77.0 100.3 14:30 57.6 05:41 1.4 13.3 0.00 2.3 15.0 15:05 WNW 22 76.1 97.5 12:58 56.8 05:57 1.5 12.6 0.00 2.4 17.0 12:45 SSE 23 73.7 96.5 12:54 55.1 06:16 1.9 10.6 0.00 2.2 19.0 14:38 WNW 24 73.7 92.7 15:46 57.0 05:53 1.9 10.6 0.00 2.7 16.0 14:28 NW 25 74.4 97.5 13:31 56.1 06:18 2.0 11.4 0.00 3.3 19.0 14:36 WNW 26 70.6 94.1 14:04 48.8 05:58 4.4 10.0 0.00 2.4 15.0 14:22 W 27 66.4 88.4 14:56 46.4 06:29 5.6 7.0 0.00 2.8 15.0 15:47 WNW 28 68.1 92.4 15:33 47.5 06:08 5.1 8.2 0.00 2.9 20.0 16:49 WNW 29 68.0 92.1 14:38 46.5 05:48 5.4 8.4 0.00 2.9 18.0 16:47 WNW 30 69.4 92.3 15:12 46.1 06:03 5.2 9.6 0.00 3.2 16.0 14:42 WNW ---------------------------------------------------------------------------------- 70.6 101.9 17 40.9 12 113.6 283.4 0.00 3.2 24.0 1 WNW Max >= 80.0: 24 Max <= 32.0: 0 Min <= 32.0: 0 Min <= 0.0: 0 Max Rain: 0.00 on day 0 Days of Rain: 0 (>= 0.01 in) 0 (>= 0.10 in) 0 (>= 1.00 in) Heat Base: 65.0 Cool Base: 65.0 Method: Integration