NOAA-Style Climate Reports
Select a Year or Month report
2024: Jan Feb Mar Apr May Jun Jul Aug Sep Oct Nov Dec
2023: Jan Feb Mar Apr May Jun Jul Aug Sep Oct Nov Dec
2022: Jan Feb Mar Apr May Jun Jul Aug Sep Oct Nov Dec
2021: Jan Feb Mar Apr May Jun Jul Aug Sep Oct Nov Dec
2020: Jan Feb Mar Apr May Jun Jul Aug Sep Oct Nov Dec
2019: Jan Feb Mar Apr May Jun Jul Aug Sep Oct Nov Dec
2018: Jan Feb Mar Apr May Jun Jul Aug Sep Oct Nov Dec
2017: Jan Feb Mar Apr May Jun Jul Aug Sep Oct Nov Dec
2016: Jan Feb Mar Apr May Jun Jul Aug Sep Oct Nov Dec
2015: Jan Feb Mar Apr May Jun Jul Aug Sep Oct Nov Dec
2014: Jan Feb Mar Apr May Jun Jul Aug Sep Oct Nov Dec
2013: Jan Feb Mar Apr May Jun Jul Aug Sep Oct Nov Dec
2012: Jan Feb Mar Apr May Jun Jul Aug Sep Oct Nov Dec
2011: Jan Feb Mar Apr May Jun Jul Aug Sep Oct Nov Dec
2010: Jan Feb Mar Apr May Jun Jul Aug Sep Oct Nov Dec
2009: Jan Feb Mar Apr May Jun Jul Aug Sep Oct Nov Dec
2008: Jan Feb Mar Apr May Jun Jul Aug Sep Oct Nov Dec
2007: Jan Feb Mar Apr May Jun Jul Aug Sep Oct Nov Dec
2006: Jan Feb Mar Apr May Jun Jul Aug Sep Oct Nov Dec
2024: Jan Feb Mar Apr May Jun Jul Aug Sep Oct Nov Dec
2023: Jan Feb Mar Apr May Jun Jul Aug Sep Oct Nov Dec
2022: Jan Feb Mar Apr May Jun Jul Aug Sep Oct Nov Dec
2021: Jan Feb Mar Apr May Jun Jul Aug Sep Oct Nov Dec
2020: Jan Feb Mar Apr May Jun Jul Aug Sep Oct Nov Dec
2019: Jan Feb Mar Apr May Jun Jul Aug Sep Oct Nov Dec
2018: Jan Feb Mar Apr May Jun Jul Aug Sep Oct Nov Dec
2017: Jan Feb Mar Apr May Jun Jul Aug Sep Oct Nov Dec
2016: Jan Feb Mar Apr May Jun Jul Aug Sep Oct Nov Dec
2015: Jan Feb Mar Apr May Jun Jul Aug Sep Oct Nov Dec
2014: Jan Feb Mar Apr May Jun Jul Aug Sep Oct Nov Dec
2013: Jan Feb Mar Apr May Jun Jul Aug Sep Oct Nov Dec
2012: Jan Feb Mar Apr May Jun Jul Aug Sep Oct Nov Dec
2011: Jan Feb Mar Apr May Jun Jul Aug Sep Oct Nov Dec
2010: Jan Feb Mar Apr May Jun Jul Aug Sep Oct Nov Dec
2009: Jan Feb Mar Apr May Jun Jul Aug Sep Oct Nov Dec
2008: Jan Feb Mar Apr May Jun Jul Aug Sep Oct Nov Dec
2007: Jan Feb Mar Apr May Jun Jul Aug Sep Oct Nov Dec
2006: Jan Feb Mar Apr May Jun Jul Aug Sep Oct Nov Dec
Report for 2015 August
Monthly Climatological Summary for Aug 2015 Name: Ponywagon Weather City: Atascadero State: California Elevation: 999 ft Lat: N 35° 26' 00" Lon: W 120° 37' 53" Temperature (°F), Rain (in), Wind Speed (mph) Heat Cool Avg Mean Deg Deg Wind Dom Day Temp High Time Low Time Days Days Rain Speed High Time Dir ---------------------------------------------------------------------------------- 1 71.3 91.9 12:53 55.4 06:27 2.2 8.6 0.00 2.9 20.0 16:40 WNW 2 69.3 89.5 13:37 53.0 06:46 3.3 7.6 0.00 3.0 20.0 16:36 WNW 3 66.0 83.3 13:25 52.8 06:23 3.9 5.0 0.00 3.3 21.0 15:30 W 4 63.8 78.5 15:03 53.8 01:22 4.1 2.9 0.00 4.0 23.0 15:27 W 5 68.0 84.7 15:21 55.5 02:15 2.7 5.7 0.00 2.1 12.0 12:44 WNW 6 70.8 86.2 15:29 60.0 06:18 1.2 7.1 0.00 2.0 14.0 14:25 WNW 7 63.8 78.0 13:41 52.4 04:26 4.4 3.2 0.00 3.2 17.0 15:19 W 8 64.9 81.5 12:30 49.8 06:02 4.9 4.8 0.00 3.0 19.0 16:23 W 9 67.1 86.4 12:47 51.0 05:25 4.2 6.3 0.00 2.6 17.0 13:31 W 10 65.7 81.1 14:21 53.5 06:28 3.5 4.2 0.00 3.6 18.0 16:34 SW 11 65.5 81.8 12:30 51.0 06:23 4.4 5.0 0.00 3.0 17.0 13:40 W 12 66.6 87.5 13:16 49.0 06:45 4.9 6.5 0.00 2.7 19.0 16:01 W 13 68.7 92.2 14:10 50.5 04:42 4.0 7.7 0.00 2.9 19.0 16:44 W 14 72.5 96.3 15:30 52.8 06:46 3.2 10.7 0.00 3.5 16.0 12:20 WNW 15 78.2 103.0 15:20 55.1 06:48 1.4 14.6 0.00 2.6 17.0 16:07 WNW 16 79.7 103.9 13:35 58.2 06:35 1.0 15.7 0.00 2.8 19.0 14:59 W 17 75.8 98.4 13:15 57.7 06:43 1.1 12.0 0.00 2.6 19.0 14:40 S 18 71.2 90.9 17:24 52.6 06:10 3.3 9.6 0.00 2.0 19.0 15:42 SW 19 67.3 89.9 14:53 50.0 06:24 4.7 7.0 0.00 2.5 18.0 15:11 WNW 20 64.2 79.1 15:37 51.5 05:54 4.7 3.9 0.00 3.0 18.0 14:09 W 21 64.2 82.7 13:42 50.7 05:26 5.1 4.3 0.00 2.3 16.0 14:28 WNW 22 64.5 84.2 13:06 47.6 06:18 5.7 5.2 0.00 2.4 16.0 13:42 W 23 67.7 89.9 15:09 48.5 06:36 5.0 7.7 0.00 2.6 18.0 17:12 WNW 24 73.1 98.6 15:05 52.3 07:04 3.3 11.5 0.00 3.3 19.0 17:11 WNW 25 75.4 102.5 15:09 55.3 06:55 1.9 12.3 0.00 2.3 19.0 16:07 WNW 26 77.1 101.4 14:45 56.7 06:43 1.6 13.7 0.00 2.8 19.0 17:31 WNW 27 80.1 103.4 15:54 57.2 06:59 1.3 16.3 0.00 2.4 16.0 16:18 WNW 28 78.8 101.3 13:48 58.5 07:04 0.8 14.6 0.00 2.6 21.0 15:44 W 29 73.7 93.2 13:55 57.5 06:47 1.3 10.0 0.00 3.5 24.0 17:04 W 30 71.1 90.5 16:14 54.3 06:39 2.4 8.5 0.00 3.3 18.0 12:21 NW ---------------------------------------------------------------------------------- 70.2 103.9 16 47.6 22 95.5 252.2 0.00 2.8 24.0 29 W Max >= 80.0: 27 Max <= 32.0: 0 Min <= 32.0: 0 Min <= 0.0: 0 Max Rain: 0.00 on day 0 Days of Rain: 0 (>= 0.01 in) 0 (>= 0.10 in) 0 (>= 1.00 in) Heat Base: 65.0 Cool Base: 65.0 Method: Integration